{"id":134,"date":"2025-01-14T14:40:18","date_gmt":"2025-01-14T14:40:18","guid":{"rendered":"https:\/\/dummy.xtemos.com\/woodmart2\/marketplace2-elementor\/?post_type=product&#038;p=134"},"modified":"2026-01-15T11:00:18","modified_gmt":"2026-01-15T11:00:18","slug":"smeg-fab10hrbl5","status":"publish","type":"product","link":"https:\/\/yallafid.com\/?product=smeg-fab10hrbl5","title":{"rendered":"Visi\u00e8re pare-soleil de voiture HD Vision pour jour et nuit"},"content":{"rendered":"<p style=\"text-align: center;\"><strong>Pare-soleil de voiture 2 en 1 Anti-soleil \u00e9blouissant, lunettes en verre, Vision de jour et de nuit, miroir de conduite int\u00e9rieur UV rabattable, vue claire<\/strong><\/p>\n<ul>\n<li>Cette visi\u00e8re anti \u00e9blouissement pour voiture est fabriqu\u00e9e \u00e0 partir d&rsquo;un mat\u00e9riau PP &amp; TPR \u00e9pais, tr\u00e8s r\u00e9sistant, s\u00fbr et durable de premi\u00e8re qualit\u00e9, pour une r\u00e9sistance et une durabilit\u00e9 maximales pour une utilisation durable.<\/li>\n<\/ul>\n<p><img loading=\"lazy\" decoding=\"async\" class=\"aligncenter wp-image-2582 size-full\" src=\"https:\/\/yallafid.com\/wp-content\/uploads\/2025\/01\/Visiere-Anti-reflets-Voiture-Jour-Nuit-promotion-yallafid-tunisie-tunnipromo-tunisie-cosmos.jpg\" alt=\"\" width=\"864\" height=\"864\" srcset=\"https:\/\/yallafid.com\/wp-content\/uploads\/2025\/01\/Visiere-Anti-reflets-Voiture-Jour-Nuit-promotion-yallafid-tunisie-tunnipromo-tunisie-cosmos.jpg 864w, https:\/\/yallafid.com\/wp-content\/uploads\/2025\/01\/Visiere-Anti-reflets-Voiture-Jour-Nuit-promotion-yallafid-tunisie-tunnipromo-tunisie-cosmos-300x300.jpg 300w, https:\/\/yallafid.com\/wp-content\/uploads\/2025\/01\/Visiere-Anti-reflets-Voiture-Jour-Nuit-promotion-yallafid-tunisie-tunnipromo-tunisie-cosmos-150x150.jpg 150w, https:\/\/yallafid.com\/wp-content\/uploads\/2025\/01\/Visiere-Anti-reflets-Voiture-Jour-Nuit-promotion-yallafid-tunisie-tunnipromo-tunisie-cosmos-768x768.jpg 768w, https:\/\/yallafid.com\/wp-content\/uploads\/2025\/01\/Visiere-Anti-reflets-Voiture-Jour-Nuit-promotion-yallafid-tunisie-tunnipromo-tunisie-cosmos-600x600.jpg 600w\" sizes=\"auto, (max-width: 864px) 100vw, 864px\" \/><\/p>\n<ul>\n<li><strong>CONFORT POUR LES YEUX<\/strong> : Cette visi\u00e8re anti \u00e9blouissement pour voiture \u00e9vite l&rsquo;\u00e9blouissement du soleil lors d&rsquo;un coup de poignard pour r\u00e9duire la fatigue oculaire. Ceci est id\u00e9al pour les personnes qui sont plus susceptibles \u00e0 l&rsquo;\u00e9blouissement. La visi\u00e8re soulage la fatigue oculaire et prot\u00e8ge efficacement la s\u00e9curit\u00e9 de la conduite sous une forte lumi\u00e8re. La visi\u00e8re de la voiture filtre la lumi\u00e8re du brassard; r\u00e9duire la pollution lumineuse caus\u00e9e par les maladies des yeux et prot\u00e8ge la sant\u00e9 vis<\/li>\n<li><strong>INSTALLATION FACILE :<\/strong> Il vous suffit de la fixer \u00e0 votre visi\u00e8re suspendue. Vous pouvez facilement ajuster sa position. Les visi\u00e8res peuvent \u00eatre ajust\u00e9es en tournant de 180 degr\u00e9s pour r\u00e9pondre \u00e0 vos besoins.<\/li>\n<\/ul>\n<p><img loading=\"lazy\" decoding=\"async\" class=\"aligncenter wp-image-2579 size-full\" src=\"https:\/\/yallafid.com\/wp-content\/uploads\/2025\/01\/Visiere-Anti-reflets-Voiture-Jour-Nuit-promotion-yallafid-tunisie-tunnipromo-tunisie-cosmos-1.jpg\" alt=\"\" width=\"766\" height=\"766\" srcset=\"https:\/\/yallafid.com\/wp-content\/uploads\/2025\/01\/Visiere-Anti-reflets-Voiture-Jour-Nuit-promotion-yallafid-tunisie-tunnipromo-tunisie-cosmos-1.jpg 766w, https:\/\/yallafid.com\/wp-content\/uploads\/2025\/01\/Visiere-Anti-reflets-Voiture-Jour-Nuit-promotion-yallafid-tunisie-tunnipromo-tunisie-cosmos-1-300x300.jpg 300w, https:\/\/yallafid.com\/wp-content\/uploads\/2025\/01\/Visiere-Anti-reflets-Voiture-Jour-Nuit-promotion-yallafid-tunisie-tunnipromo-tunisie-cosmos-1-150x150.jpg 150w, https:\/\/yallafid.com\/wp-content\/uploads\/2025\/01\/Visiere-Anti-reflets-Voiture-Jour-Nuit-promotion-yallafid-tunisie-tunnipromo-tunisie-cosmos-1-600x600.jpg 600w\" sizes=\"auto, (max-width: 766px) 100vw, 766px\" \/><\/p>\n<ul>\n<li>\u00a0Cette visi\u00e8re anti-\u00e9blouissement prot\u00e8ge contre l&rsquo;\u00e9blouissement soudain caus\u00e9 par le soleil et est particuli\u00e8rement utile en cas de faible ensoleillement en hiver lorsque le pare-soleil existant est inad\u00e9quat. Ceci att\u00e9nue les feux puissants ou les feux de route provenant d&rsquo;une voiture ou d&rsquo;autres sources pointant directement sur vous pendant la conduite de nuit et les panneaux solaires peuvent filtrer 90% des rayons nocifs prot\u00e9geant efficacement vos yeux.<\/li>\n<li><strong>UNIVERSAL<\/strong> : Cette visi\u00e8re anti-\u00e9blouissement pour voiture est de taille universelle, compatible avec la plupart des v\u00e9hicules. Le pare-soleil peut \u00e9galement \u00eatre rang\u00e9 facilement dans le coffre fort<\/li>\n<\/ul>\n<p><img loading=\"lazy\" decoding=\"async\" class=\"aligncenter wp-image-2584 size-full\" src=\"https:\/\/yallafid.com\/wp-content\/uploads\/2025\/01\/Visiere-Anti-reflets-Voiture-Jour-Nuit-promotion-yallafid-tunisie-tunnipromo-tunisie-1-1.jpg\" alt=\"\" width=\"751\" height=\"751\" srcset=\"https:\/\/yallafid.com\/wp-content\/uploads\/2025\/01\/Visiere-Anti-reflets-Voiture-Jour-Nuit-promotion-yallafid-tunisie-tunnipromo-tunisie-1-1.jpg 751w, https:\/\/yallafid.com\/wp-content\/uploads\/2025\/01\/Visiere-Anti-reflets-Voiture-Jour-Nuit-promotion-yallafid-tunisie-tunnipromo-tunisie-1-1-300x300.jpg 300w, https:\/\/yallafid.com\/wp-content\/uploads\/2025\/01\/Visiere-Anti-reflets-Voiture-Jour-Nuit-promotion-yallafid-tunisie-tunnipromo-tunisie-1-1-150x150.jpg 150w, https:\/\/yallafid.com\/wp-content\/uploads\/2025\/01\/Visiere-Anti-reflets-Voiture-Jour-Nuit-promotion-yallafid-tunisie-tunnipromo-tunisie-1-1-600x600.jpg 600w\" sizes=\"auto, (max-width: 751px) 100vw, 751px\" \/><\/p>\n<p>&nbsp;<\/p>\n<p>&nbsp;<\/p>\n","protected":false},"excerpt":{"rendered":"<ul>\n<li>Bloquez jusqu&rsquo;\u00e0 99,9% des rayons nocifs des rayons UVA et UVB.<\/li>\n<li>R\u00e9duit l&rsquo;effet de l&rsquo;\u00e9blouissement du soleil.<\/li>\n<li>Facilitez les trajets sur la route, les trajets domicile-travail, les d\u00e9placements ou les courses.<\/li>\n<li>\u00a0Am\u00e9liorer le contraste et assurer des vues claires.<\/li>\n<li>\u00a0\u00c9liminer les d\u00e9formations, la fatigue oculaire et la d\u00e9gradation de la vision.<\/li>\n<li>\u00a0Restez en s\u00e9curit\u00e9 et conduisez confortablement.<\/li>\n<li>\u00a0Facilitez-vous la vie pendant les trajets sur la route, les trajets domicile-travail, les d\u00e9placements ou simplement la conduite de courses.<\/li>\n<li>Installation facile et enti\u00e8rement r\u00e9glable<\/li>\n<li><strong>Dimensions :<\/strong>\u00a0 32 cm \u00d7 11 cm<\/li>\n<\/ul>\n","protected":false},"featured_media":2585,"comment_status":"open","ping_status":"closed","template":"","meta":[],"product_brand":[],"product_cat":[103,85],"product_tag":[],"class_list":{"0":"post-134","1":"product","2":"type-product","3":"status-publish","4":"has-post-thumbnail","6":"product_cat-accessoires-voiture","7":"product_cat-auto-moto","8":"product_shipping_class-livraison-7-tnd-fix","10":"first","11":"instock","12":"sale","13":"taxable","14":"shipping-taxable","15":"purchasable","16":"product-type-simple"},"jetpack_sharing_enabled":true,"_links":{"self":[{"href":"https:\/\/yallafid.com\/index.php?rest_route=\/wp\/v2\/product\/134","targetHints":{"allow":["GET"]}}],"collection":[{"href":"https:\/\/yallafid.com\/index.php?rest_route=\/wp\/v2\/product"}],"about":[{"href":"https:\/\/yallafid.com\/index.php?rest_route=\/wp\/v2\/types\/product"}],"replies":[{"embeddable":true,"href":"https:\/\/yallafid.com\/index.php?rest_route=%2Fwp%2Fv2%2Fcomments&post=134"}],"version-history":[{"count":3,"href":"https:\/\/yallafid.com\/index.php?rest_route=\/wp\/v2\/product\/134\/revisions"}],"predecessor-version":[{"id":2578,"href":"https:\/\/yallafid.com\/index.php?rest_route=\/wp\/v2\/product\/134\/revisions\/2578"}],"wp:featuredmedia":[{"embeddable":true,"href":"https:\/\/yallafid.com\/index.php?rest_route=\/wp\/v2\/media\/2585"}],"wp:attachment":[{"href":"https:\/\/yallafid.com\/index.php?rest_route=%2Fwp%2Fv2%2Fmedia&parent=134"}],"wp:term":[{"taxonomy":"product_brand","embeddable":true,"href":"https:\/\/yallafid.com\/index.php?rest_route=%2Fwp%2Fv2%2Fproduct_brand&post=134"},{"taxonomy":"product_cat","embeddable":true,"href":"https:\/\/yallafid.com\/index.php?rest_route=%2Fwp%2Fv2%2Fproduct_cat&post=134"},{"taxonomy":"product_tag","embeddable":true,"href":"https:\/\/yallafid.com\/index.php?rest_route=%2Fwp%2Fv2%2Fproduct_tag&post=134"}],"curies":[{"name":"wp","href":"https:\/\/api.w.org\/{rel}","templated":true}]}}