{"id":135,"date":"2025-01-14T14:40:18","date_gmt":"2025-01-14T14:40:18","guid":{"rendered":"https:\/\/dummy.xtemos.com\/woodmart2\/marketplace2-elementor\/?post_type=product&#038;p=135"},"modified":"2025-10-23T16:24:02","modified_gmt":"2025-10-23T16:24:02","slug":"bosch-kuw20vhf0g","status":"publish","type":"product","link":"https:\/\/yallafid.com\/?product=bosch-kuw20vhf0g","title":{"rendered":"Balance de cuisine num\u00e9rique avec bol"},"content":{"rendered":"<h1 style=\"text-align: center;\"><strong>Balance de cuisine 5kg avec Bol<\/strong><\/h1>\n<ul>\n<li>Balance de cuisine num\u00e9rique avec bol amovible.<\/li>\n<li>\u00c9cran LCD clair et lisible.<\/li>\n<li>2 boutons pour une utilisation facile.<\/li>\n<li>Capacit\u00e9 maximale de 5 kg (pr\u00e9cision de 1 g).<\/li>\n<li>Fonction tare et pes\u00e9e progressive.<\/li>\n<li>Choix des unit\u00e9s de mesure : kg\/lb.<\/li>\n<li>Indicateur de batterie faible et de surcharge.<\/li>\n<li>Arr\u00eat automatique en cas d&rsquo;inactivit\u00e9.<\/li>\n<li>Capacit\u00e9 du bol : 0,6 l.<\/li>\n<li>Alimentation : 1x CR2032 (pile incluse).<\/li>\n<\/ul>\n","protected":false},"excerpt":{"rendered":"<ul>\n<li><strong>Couleu<\/strong>r : Blanc.<\/li>\n<li><strong>Mat\u00e9rie<\/strong>l : ABS.<\/li>\n<li><strong>Capacit\u00e9<\/strong> : 5kg.<\/li>\n<li><strong>Alimentation<\/strong> : Aliment\u00e9e par 2 piles AAA (non incluses)<\/li>\n<li>Syst\u00e8me de d\u00e9tection de tensiom\u00e8tre de haute pr\u00e9cision, pesage pr\u00e9cis, taux d&rsquo;erreur l\u00e9g\u00e8rement.<\/li>\n<li>Bol amovible pour une pes\u00e9e facile<\/li>\n<li>Grand \u00e9cran LCD, les donn\u00e9es de pes\u00e9e sont affich\u00e9es clairement.<\/li>\n<li>Avec la fonction z\u00e9ro \/ tare automatique, rendant le pesage plus pratique.<br \/>\nBalance de Cuisine 5kg Blanc doit \u00eatre achet\u00e9 par multiple de 1<\/li>\n<\/ul>\n","protected":false},"featured_media":2056,"comment_status":"open","ping_status":"closed","template":"","meta":[],"product_brand":[],"product_cat":[124,20,26],"product_tag":[],"class_list":{"0":"post-135","1":"product","2":"type-product","3":"status-publish","4":"has-post-thumbnail","6":"product_cat-balance-cuisine","7":"product_cat-cuisine","8":"product_cat-petit-electro","9":"product_shipping_class-livraison-7-tnd-fix","11":"first","12":"instock","13":"sale","14":"taxable","15":"shipping-taxable","16":"purchasable","17":"product-type-simple"},"jetpack_sharing_enabled":true,"_links":{"self":[{"href":"https:\/\/yallafid.com\/index.php?rest_route=\/wp\/v2\/product\/135","targetHints":{"allow":["GET"]}}],"collection":[{"href":"https:\/\/yallafid.com\/index.php?rest_route=\/wp\/v2\/product"}],"about":[{"href":"https:\/\/yallafid.com\/index.php?rest_route=\/wp\/v2\/types\/product"}],"replies":[{"embeddable":true,"href":"https:\/\/yallafid.com\/index.php?rest_route=%2Fwp%2Fv2%2Fcomments&post=135"}],"version-history":[{"count":2,"href":"https:\/\/yallafid.com\/index.php?rest_route=\/wp\/v2\/product\/135\/revisions"}],"predecessor-version":[{"id":2054,"href":"https:\/\/yallafid.com\/index.php?rest_route=\/wp\/v2\/product\/135\/revisions\/2054"}],"wp:featuredmedia":[{"embeddable":true,"href":"https:\/\/yallafid.com\/index.php?rest_route=\/wp\/v2\/media\/2056"}],"wp:attachment":[{"href":"https:\/\/yallafid.com\/index.php?rest_route=%2Fwp%2Fv2%2Fmedia&parent=135"}],"wp:term":[{"taxonomy":"product_brand","embeddable":true,"href":"https:\/\/yallafid.com\/index.php?rest_route=%2Fwp%2Fv2%2Fproduct_brand&post=135"},{"taxonomy":"product_cat","embeddable":true,"href":"https:\/\/yallafid.com\/index.php?rest_route=%2Fwp%2Fv2%2Fproduct_cat&post=135"},{"taxonomy":"product_tag","embeddable":true,"href":"https:\/\/yallafid.com\/index.php?rest_route=%2Fwp%2Fv2%2Fproduct_tag&post=135"}],"curies":[{"name":"wp","href":"https:\/\/api.w.org\/{rel}","templated":true}]}}