{"id":139,"date":"2025-01-14T14:40:18","date_gmt":"2025-01-14T14:40:18","guid":{"rendered":"https:\/\/dummy.xtemos.com\/woodmart2\/marketplace2-elementor\/?post_type=product&#038;p=139"},"modified":"2025-10-23T20:29:19","modified_gmt":"2025-10-23T20:29:19","slug":"gorenje-essential-bos6737e06wg","status":"publish","type":"product","link":"https:\/\/yallafid.com\/?product=gorenje-essential-bos6737e06wg","title":{"rendered":"Organisateur De Tiroir Carr\u00e9 Multifonction \u2013 Gris"},"content":{"rendered":"<h1 style=\"text-align: center;\"><strong>Organisateur Tiroir Cuisine, Rangement Couverts Tiroir Cuisine avec 7 Compartiments pour Couverts, Cuill\u00e8res, Fourchettes, Couteaux<\/strong><\/h1>\n<p>&nbsp;<\/p>\n<p>&nbsp;<\/p>\n<ul>\n<li>Le rangement tiroir cuisine est fabriqu\u00e9 en plastique de haute qualit\u00e9 d\u2019excellente qualit\u00e9, il poss\u00e8de une base robuste et des s\u00e9parateurs robustes pour maintenir les couverts en place, \u00e9conomiser de l\u2019espace et offrir une capacit\u00e9 de stockage optimale. Le design de la bo\u00eete de rangement couvert est non seulement \u00e9l\u00e9gant mais s\u2019int\u00e8gre \u00e9galement dans presque tous les styles d\u2019int\u00e9rieur. range couvert extensible<\/li>\n<li>\u00a0Le range couverts s\u2019\u00e9tend de 5 \u00e0 7 compartiments. Le range couverts mesure 53 x 36 x 5,3 cm une fois d\u00e9pli\u00e9, et selon la taille de votre tiroir \u00e0 couverts ou les articles que vous souhaitez ranger, l\u2019insert peut \u00eatre retir\u00e9, donc quelle que soit la taille de votre tiroir de cuisine, cet organisateur est s\u00fbr pour s\u2019y int\u00e9grer.<\/li>\n<li>Utilisez cet range couvert tiroir votre cuisine et votre bureau bien rang\u00e9s ! Les syst\u00e8mes d\u2019organisation de tiroirs sont parfaits pour ranger tous les objets qui ont tendance \u00e0 se perdre dans le d\u00e9sordre. Avec cet insert de tiroir pratique, vous pouvez organiser votre vaisselle plus rapidement et plus facilement que jamais.<\/li>\n<\/ul>\n<p>&nbsp;<\/p>\n<p><img loading=\"lazy\" decoding=\"async\" class=\"aligncenter wp-image-2098 size-full\" src=\"https:\/\/yallafid.com\/wp-content\/uploads\/2025\/01\/organisateur-tiroir-cuisine-vente-en-ligne-tunisie-yallafid-promotion-tbarka-sousse-siliana-hammamat-jerba-binzerte-2.jpg\" alt=\"\" width=\"592\" height=\"592\" srcset=\"https:\/\/yallafid.com\/wp-content\/uploads\/2025\/01\/organisateur-tiroir-cuisine-vente-en-ligne-tunisie-yallafid-promotion-tbarka-sousse-siliana-hammamat-jerba-binzerte-2.jpg 592w, https:\/\/yallafid.com\/wp-content\/uploads\/2025\/01\/organisateur-tiroir-cuisine-vente-en-ligne-tunisie-yallafid-promotion-tbarka-sousse-siliana-hammamat-jerba-binzerte-2-300x300.jpg 300w, https:\/\/yallafid.com\/wp-content\/uploads\/2025\/01\/organisateur-tiroir-cuisine-vente-en-ligne-tunisie-yallafid-promotion-tbarka-sousse-siliana-hammamat-jerba-binzerte-2-150x150.jpg 150w\" sizes=\"auto, (max-width: 592px) 100vw, 592px\" \/><\/p>\n<ul>\n<li>Facile \u00e0 Nettoyer : Les rangement couverts sont tr\u00e8s faciles \u00e0 utiliser et pr\u00e9sentent un design de bord unique qui vous permet de d\u00e9placer facilement le support. Lors du nettoyage, rincez simplement \u00e0 l\u2019eau pour \u00e9liminer les taches. Gr\u00e2ce \u00e0 ses multiples compartiments, c\u2019est un syst\u00e8me d\u2019organisation id\u00e9al pour les cuisines, les bureaux et les chambres.<\/li>\n<li>Polyvalence : cet rangement et organisation de cuisine de couverts comprend 7 compartiments spacieux qui facilitent le tri et l\u2019acc\u00e8s aux couverts, couteaux, fourchettes, cuill\u00e8res et autres ustensiles de cuisine. De plus, deux compartiments coulissants peuvent accueillir une vari\u00e9t\u00e9 d\u2019ustensiles de cuisine et d\u2019ustensiles de p\u00e2tisserie.<\/li>\n<\/ul>\n<p>&nbsp;<\/p>\n<p>&nbsp;<\/p>\n<p>&nbsp;<\/p>\n<h4><\/h4>\n<p>&nbsp;<\/p>\n<p>&nbsp;<\/p>\n<h4><\/h4>\n<p>&nbsp;<\/p>\n","protected":false},"excerpt":{"rendered":"<ul>\n<li><strong>Mati\u00e8re:<\/strong> Plastique<\/li>\n<li>Plateau d\u00e9tachable pour une organisation polyvalente<\/li>\n<li>Son design modulable permet un ajustement parfait \u00e0 tous les tiroirs<\/li>\n<li>Id\u00e9al pour garder les tiroirs de cuisine propre et organiser<\/li>\n<li>facile \u00e0 nettoyer<\/li>\n<li>Couleur: Gris<\/li>\n<li>Dimensions : 42 \u00e0 53 CM<\/li>\n<\/ul>\n","protected":false},"featured_media":2099,"comment_status":"open","ping_status":"closed","template":"","meta":[],"product_brand":[],"product_cat":[20,25],"product_tag":[],"class_list":{"0":"post-139","1":"product","2":"type-product","3":"status-publish","4":"has-post-thumbnail","6":"product_cat-cuisine","7":"product_cat-rangement-cuisine","8":"product_shipping_class-livraison-7-tnd-fix","10":"first","11":"instock","12":"taxable","13":"shipping-taxable","14":"purchasable","15":"product-type-simple"},"jetpack_sharing_enabled":true,"_links":{"self":[{"href":"https:\/\/yallafid.com\/index.php?rest_route=\/wp\/v2\/product\/139","targetHints":{"allow":["GET"]}}],"collection":[{"href":"https:\/\/yallafid.com\/index.php?rest_route=\/wp\/v2\/product"}],"about":[{"href":"https:\/\/yallafid.com\/index.php?rest_route=\/wp\/v2\/types\/product"}],"replies":[{"embeddable":true,"href":"https:\/\/yallafid.com\/index.php?rest_route=%2Fwp%2Fv2%2Fcomments&post=139"}],"version-history":[{"count":2,"href":"https:\/\/yallafid.com\/index.php?rest_route=\/wp\/v2\/product\/139\/revisions"}],"predecessor-version":[{"id":2095,"href":"https:\/\/yallafid.com\/index.php?rest_route=\/wp\/v2\/product\/139\/revisions\/2095"}],"wp:featuredmedia":[{"embeddable":true,"href":"https:\/\/yallafid.com\/index.php?rest_route=\/wp\/v2\/media\/2099"}],"wp:attachment":[{"href":"https:\/\/yallafid.com\/index.php?rest_route=%2Fwp%2Fv2%2Fmedia&parent=139"}],"wp:term":[{"taxonomy":"product_brand","embeddable":true,"href":"https:\/\/yallafid.com\/index.php?rest_route=%2Fwp%2Fv2%2Fproduct_brand&post=139"},{"taxonomy":"product_cat","embeddable":true,"href":"https:\/\/yallafid.com\/index.php?rest_route=%2Fwp%2Fv2%2Fproduct_cat&post=139"},{"taxonomy":"product_tag","embeddable":true,"href":"https:\/\/yallafid.com\/index.php?rest_route=%2Fwp%2Fv2%2Fproduct_tag&post=139"}],"curies":[{"name":"wp","href":"https:\/\/api.w.org\/{rel}","templated":true}]}}