{"id":142,"date":"2025-01-14T14:40:18","date_gmt":"2025-01-14T14:40:18","guid":{"rendered":"https:\/\/dummy.xtemos.com\/woodmart2\/marketplace2-elementor\/?post_type=product&#038;p=142"},"modified":"2026-01-13T11:44:00","modified_gmt":"2026-01-13T11:44:00","slug":"tefal-perfectmix","status":"publish","type":"product","link":"https:\/\/yallafid.com\/?product=tefal-perfectmix","title":{"rendered":"Bracelet lest\u00e9 Sveltus 2X 0,5 kg cheville &#038; poignet"},"content":{"rendered":"<h2 style=\"text-align: center;\"><strong>Bracelets de musculation, la paire<\/strong><\/h2>\n<ul>\n<li>Sont fix\u00e9s directement autour de la cheville ou du poignet. Permet de ne pas solliciter la pr\u00e9hension des patients touch\u00e9s par des rhumatismes ou de l&rsquo;arthrose.<\/li>\n<li>\u00a0Peuvent \u00eatre utilis\u00e9s dans le cadre d&rsquo;une pr\u00e9paration physique ou en r\u00e9\u00e9ducation en cabinet de kin\u00e9sith\u00e9rapie.<\/li>\n<li>\u00a0Large bande agrippante permettant au bracelet de rester bien en place durant l&rsquo;exercice et un ajustement efficace aux poignets et chevilles.<\/li>\n<li>Rev\u00eatement n\u00e9opr\u00e8ne doux et agr\u00e9able au toucher.<\/li>\n<\/ul>\n<p><img loading=\"lazy\" decoding=\"async\" class=\"aligncenter wp-image-2511 size-full\" src=\"https:\/\/yallafid.com\/wp-content\/uploads\/2025\/01\/Sveltus-Haltere-souple-cheville-poignet-Bracelet-leste-promotion-sport-materiel-yallafid-tunisie-3.png\" alt=\"\" width=\"912\" height=\"912\" srcset=\"https:\/\/yallafid.com\/wp-content\/uploads\/2025\/01\/Sveltus-Haltere-souple-cheville-poignet-Bracelet-leste-promotion-sport-materiel-yallafid-tunisie-3.png 912w, https:\/\/yallafid.com\/wp-content\/uploads\/2025\/01\/Sveltus-Haltere-souple-cheville-poignet-Bracelet-leste-promotion-sport-materiel-yallafid-tunisie-3-300x300.png 300w, https:\/\/yallafid.com\/wp-content\/uploads\/2025\/01\/Sveltus-Haltere-souple-cheville-poignet-Bracelet-leste-promotion-sport-materiel-yallafid-tunisie-3-150x150.png 150w, https:\/\/yallafid.com\/wp-content\/uploads\/2025\/01\/Sveltus-Haltere-souple-cheville-poignet-Bracelet-leste-promotion-sport-materiel-yallafid-tunisie-3-768x768.png 768w, https:\/\/yallafid.com\/wp-content\/uploads\/2025\/01\/Sveltus-Haltere-souple-cheville-poignet-Bracelet-leste-promotion-sport-materiel-yallafid-tunisie-3-600x600.png 600w\" sizes=\"auto, (max-width: 912px) 100vw, 912px\" \/><\/p>\n<p>&nbsp;<\/p>\n<h4><\/h4>\n","protected":false},"excerpt":{"rendered":"<ul data-hveid=\"CB4QAQ\" data-ved=\"2ahUKEwiGxrHItIiSAxVB1gIHHdoZFXEQm_YKegQIHhAB\">\n<li><span data-huuid=\"10964083422949595265\"><strong>Mat\u00e9riau :<\/strong>\u00a0Nylon et acier.<span class=\"pjBG2e\" data-cid=\"7b4a522c-98e1-449d-9d45-83c7a4d92ec0\"><span class=\"UV3uM\">\u00a0<\/span><\/span><\/span>\n<div class=\"NPrrbc\" data-cid=\"7b4a522c-98e1-449d-9d45-83c7a4d92ec0\" data-uuids=\"10964083422949595265\"><\/div>\n<\/li>\n<li><span data-huuid=\"10964083422949596315\"><strong>Poids :<\/strong>\u00a00,5 kg par bracelet (vendus par paire). <\/span><\/li>\n<li><strong>Utilisation :<\/strong>\u00a0Con\u00e7u pour le renforcement musculaire, le fitness, le cardio, le yoga et la r\u00e9\u00e9ducation.<\/li>\n<li><strong>Ajustement :<\/strong>\u00a0Fixation facile et ajustable pour les poignets et les chevilles gr\u00e2ce \u00e0 une bande Velcro\u00ae et une boucle en acier.<\/li>\n<li><strong>Fonction :<\/strong>\u00a0Ajoute de la r\u00e9sistance aux entra\u00eenements pour intensifier les exercices.<span class=\"pjBG2e\" data-cid=\"2f625ea9-7bd6-44d9-9890-f5fb440a2e5c\"><span class=\"UV3uM\">\u00a0<\/span><\/span><\/li>\n<\/ul>\n","protected":false},"featured_media":2513,"comment_status":"open","ping_status":"closed","template":"","meta":[],"product_brand":[],"product_cat":[176,86],"product_tag":[],"class_list":{"0":"post-142","1":"product","2":"type-product","3":"status-publish","4":"has-post-thumbnail","6":"product_cat-bandes-latex","7":"product_cat-sport","8":"product_shipping_class-livraison-7-tnd-fix","10":"first","11":"instock","12":"sale","13":"featured","14":"taxable","15":"shipping-taxable","16":"purchasable","17":"product-type-simple"},"jetpack_sharing_enabled":true,"_links":{"self":[{"href":"https:\/\/yallafid.com\/index.php?rest_route=\/wp\/v2\/product\/142","targetHints":{"allow":["GET"]}}],"collection":[{"href":"https:\/\/yallafid.com\/index.php?rest_route=\/wp\/v2\/product"}],"about":[{"href":"https:\/\/yallafid.com\/index.php?rest_route=\/wp\/v2\/types\/product"}],"replies":[{"embeddable":true,"href":"https:\/\/yallafid.com\/index.php?rest_route=%2Fwp%2Fv2%2Fcomments&post=142"}],"version-history":[{"count":2,"href":"https:\/\/yallafid.com\/index.php?rest_route=\/wp\/v2\/product\/142\/revisions"}],"predecessor-version":[{"id":2510,"href":"https:\/\/yallafid.com\/index.php?rest_route=\/wp\/v2\/product\/142\/revisions\/2510"}],"wp:featuredmedia":[{"embeddable":true,"href":"https:\/\/yallafid.com\/index.php?rest_route=\/wp\/v2\/media\/2513"}],"wp:attachment":[{"href":"https:\/\/yallafid.com\/index.php?rest_route=%2Fwp%2Fv2%2Fmedia&parent=142"}],"wp:term":[{"taxonomy":"product_brand","embeddable":true,"href":"https:\/\/yallafid.com\/index.php?rest_route=%2Fwp%2Fv2%2Fproduct_brand&post=142"},{"taxonomy":"product_cat","embeddable":true,"href":"https:\/\/yallafid.com\/index.php?rest_route=%2Fwp%2Fv2%2Fproduct_cat&post=142"},{"taxonomy":"product_tag","embeddable":true,"href":"https:\/\/yallafid.com\/index.php?rest_route=%2Fwp%2Fv2%2Fproduct_tag&post=142"}],"curies":[{"name":"wp","href":"https:\/\/api.w.org\/{rel}","templated":true}]}}