{"id":1471,"date":"2025-10-16T09:57:44","date_gmt":"2025-10-16T09:57:44","guid":{"rendered":"https:\/\/yallafid.com\/?post_type=product&#038;p=1471"},"modified":"2025-10-16T09:57:44","modified_gmt":"2025-10-16T09:57:44","slug":"toboggan-canard-electrique-avec-sonnerie","status":"publish","type":"product","link":"https:\/\/yallafid.com\/?product=toboggan-canard-electrique-avec-sonnerie","title":{"rendered":"Toboggan Canard Electrique avec sonnerie"},"content":{"rendered":"<h2><strong>Jouet d\u2019escalade canard \u2013 Escalier m\u00e9canique de course \u2013 Jouet d\u2019escalade \u00e9lectrique de dessin anim\u00e9, amusant avec lumi\u00e8res et musique<\/strong><\/h2>\n<ul>\n<li>Un toboggan \u00e0 perroquets avec des canards\u00a0 montant les escaliers seuls serait une attraction merveilleuse et amusante pour les plus petits<\/li>\n<li>Imaginez un toboggan color\u00e9 et anim\u00e9 avec des canards\u00a0 joueurs qui montent seuls les escaliers pour profiter d\u2019une descente ludique.<\/li>\n<li>Cette attraction ferait sourire les enfants et stimulerait leur imagination et leur jeu actif en plein air. Une fa\u00e7on amusante et interactive de passer du temps en plein air avec les plus petits<\/li>\n<li>Il fonctionne avec des piles AA qui ne sont pas incluses.<\/li>\n<\/ul>\n<p><img loading=\"lazy\" decoding=\"async\" class=\"aligncenter wp-image-83820 size-large\" src=\"https:\/\/promodeal.com.tn\/wp-content\/uploads\/2025\/09\/jouet-perroquet-enfant-sonnerie-lumiere-cadeau-anniversaire-promodeal-tunisie-DUCK6-800x800.jpg\" sizes=\"auto, (max-width: 800px) 100vw, 800px\" srcset=\"https:\/\/promodeal.com.tn\/wp-content\/uploads\/2025\/09\/jouet-perroquet-enfant-sonnerie-lumiere-cadeau-anniversaire-promodeal-tunisie-DUCK6-800x800.jpg 800w, https:\/\/promodeal.com.tn\/wp-content\/uploads\/2025\/09\/jouet-perroquet-enfant-sonnerie-lumiere-cadeau-anniversaire-promodeal-tunisie-DUCK6-300x300.jpg 300w, https:\/\/promodeal.com.tn\/wp-content\/uploads\/2025\/09\/jouet-perroquet-enfant-sonnerie-lumiere-cadeau-anniversaire-promodeal-tunisie-DUCK6-150x150.jpg 150w, https:\/\/promodeal.com.tn\/wp-content\/uploads\/2025\/09\/jouet-perroquet-enfant-sonnerie-lumiere-cadeau-anniversaire-promodeal-tunisie-DUCK6-768x768.jpg 768w, https:\/\/promodeal.com.tn\/wp-content\/uploads\/2025\/09\/jouet-perroquet-enfant-sonnerie-lumiere-cadeau-anniversaire-promodeal-tunisie-DUCK6-600x600.jpg 600w, https:\/\/promodeal.com.tn\/wp-content\/uploads\/2025\/09\/jouet-perroquet-enfant-sonnerie-lumiere-cadeau-anniversaire-promodeal-tunisie-DUCK6-1200x1200.jpg 1200w, https:\/\/promodeal.com.tn\/wp-content\/uploads\/2025\/09\/jouet-perroquet-enfant-sonnerie-lumiere-cadeau-anniversaire-promodeal-tunisie-DUCK6-32x32.jpg 32w, https:\/\/promodeal.com.tn\/wp-content\/uploads\/2025\/09\/jouet-perroquet-enfant-sonnerie-lumiere-cadeau-anniversaire-promodeal-tunisie-DUCK6.jpg 1500w\" alt=\"\" width=\"800\" height=\"800\" \/><\/p>\n","protected":false},"excerpt":{"rendered":"<ul>\n<li><strong>Type de produit<\/strong>\u00a0: jouet musicale lumineux<\/li>\n<li><strong>Forme<\/strong>\u00a0: canard<\/li>\n<li>Offrant une attraction amusante et interactive.<\/li>\n<li>Les petites figurines de perroquets montent les escaliers de mani\u00e8re autonome avant de glisser sur le toboggan.<\/li>\n<li>Fonctionne avec des piles AA, qui ne sont g\u00e9n\u00e9ralement pas incluse<\/li>\n<\/ul>\n","protected":false},"featured_media":1473,"comment_status":"open","ping_status":"closed","template":"","meta":[],"product_brand":[],"product_cat":[93,108],"product_tag":[],"class_list":{"0":"post-1471","1":"product","2":"type-product","3":"status-publish","4":"has-post-thumbnail","6":"product_cat-idees-cadeaux-enfants","7":"product_cat-jouets","8":"product_shipping_class-livraison-7-tnd-fix","10":"first","11":"instock","12":"sale","13":"taxable","14":"shipping-taxable","15":"purchasable","16":"product-type-simple"},"jetpack_sharing_enabled":true,"_links":{"self":[{"href":"https:\/\/yallafid.com\/index.php?rest_route=\/wp\/v2\/product\/1471","targetHints":{"allow":["GET"]}}],"collection":[{"href":"https:\/\/yallafid.com\/index.php?rest_route=\/wp\/v2\/product"}],"about":[{"href":"https:\/\/yallafid.com\/index.php?rest_route=\/wp\/v2\/types\/product"}],"replies":[{"embeddable":true,"href":"https:\/\/yallafid.com\/index.php?rest_route=%2Fwp%2Fv2%2Fcomments&post=1471"}],"version-history":[{"count":1,"href":"https:\/\/yallafid.com\/index.php?rest_route=\/wp\/v2\/product\/1471\/revisions"}],"predecessor-version":[{"id":1474,"href":"https:\/\/yallafid.com\/index.php?rest_route=\/wp\/v2\/product\/1471\/revisions\/1474"}],"wp:featuredmedia":[{"embeddable":true,"href":"https:\/\/yallafid.com\/index.php?rest_route=\/wp\/v2\/media\/1473"}],"wp:attachment":[{"href":"https:\/\/yallafid.com\/index.php?rest_route=%2Fwp%2Fv2%2Fmedia&parent=1471"}],"wp:term":[{"taxonomy":"product_brand","embeddable":true,"href":"https:\/\/yallafid.com\/index.php?rest_route=%2Fwp%2Fv2%2Fproduct_brand&post=1471"},{"taxonomy":"product_cat","embeddable":true,"href":"https:\/\/yallafid.com\/index.php?rest_route=%2Fwp%2Fv2%2Fproduct_cat&post=1471"},{"taxonomy":"product_tag","embeddable":true,"href":"https:\/\/yallafid.com\/index.php?rest_route=%2Fwp%2Fv2%2Fproduct_tag&post=1471"}],"curies":[{"name":"wp","href":"https:\/\/api.w.org\/{rel}","templated":true}]}}