{"id":1475,"date":"2025-10-16T10:08:21","date_gmt":"2025-10-16T10:08:21","guid":{"rendered":"https:\/\/yallafid.com\/?post_type=product&#038;p=1475"},"modified":"2025-10-16T10:08:53","modified_gmt":"2025-10-16T10:08:53","slug":"bingo-lotto-familial","status":"publish","type":"product","link":"https:\/\/yallafid.com\/?product=bingo-lotto-familial","title":{"rendered":"Bingo Lotto familial"},"content":{"rendered":"<ul>\n<li><strong><span dir=\"auto\" style=\"vertical-align: inherit;\"><span dir=\"auto\" style=\"vertical-align: inherit;\">Contenu du jeu<\/span><\/span><\/strong><span dir=\"auto\" style=\"vertical-align: inherit;\"><span dir=\"auto\" style=\"vertical-align: inherit;\"> \u00a0: Il comprend un m\u00e9langeur de boules (tambour), 75 boules num\u00e9rot\u00e9es, un support pour les boules tir\u00e9es, 18 cartes de bingo r\u00e9utilisables et 150 jetons pour marquer les num\u00e9ros sur les cartes.<\/span><\/span><\/li>\n<li><strong><span dir=\"auto\" style=\"vertical-align: inherit;\"><span dir=\"auto\" style=\"vertical-align: inherit;\">Dimensions<\/span><\/span><\/strong><span dir=\"auto\" style=\"vertical-align: inherit;\"><span dir=\"auto\" style=\"vertical-align: inherit;\"> \u00a0: Le m\u00e9langeur \u00e0 un diam\u00e8tre de tambour de 13,5 cm, le support mesure 15 x 36 cm et les cartes de bingo mesurent 12,2 x 13,4 cm.<\/span><\/span><\/li>\n<li><span dir=\"auto\" style=\"vertical-align: inherit;\"><span dir=\"auto\" style=\"vertical-align: inherit;\">Objectif du jeu : Le but est de marquer les num\u00e9ros tir\u00e9s sur sa carte et d&rsquo;\u00eatre le premier \u00e0 compl\u00e9ter une ligne, une colonne, une diagonale ou un carton plein pour gagner.<\/span><\/span><\/li>\n<li><strong><span dir=\"auto\" style=\"vertical-align: inherit;\"><span dir=\"auto\" style=\"vertical-align: inherit;\">Type de produit :<\/span><\/span><\/strong><span dir=\"auto\" style=\"vertical-align: inherit;\"><span dir=\"auto\" style=\"vertical-align: inherit;\"> Ce jeu de table est id\u00e9al pour les divertissements de bar et les jeux originaux.<\/span><\/span><\/li>\n<li><strong><span dir=\"auto\" style=\"vertical-align: inherit;\"><span dir=\"auto\" style=\"vertical-align: inherit;\">Mat\u00e9riau durable<\/span><\/span><\/strong><span dir=\"auto\" style=\"vertical-align: inherit;\"><span dir=\"auto\" style=\"vertical-align: inherit;\"> : La console de jeu est fabriqu\u00e9e \u00e0 partir de mat\u00e9riaux durables pour une utilisation \u00e0 long terme.<\/span><\/span><\/li>\n<li><strong><span dir=\"auto\" style=\"vertical-align: inherit;\"><span dir=\"auto\" style=\"vertical-align: inherit;\">Dimensions :<\/span><\/span><\/strong><span dir=\"auto\" style=\"vertical-align: inherit;\"><span dir=\"auto\" style=\"vertical-align: inherit;\"> Le jeu de bingo familial mesure 21,6 cm x 11,4 cm x 21,6 cm.<\/span><\/span><\/li>\n<li><span dir=\"auto\" style=\"vertical-align: inherit;\"><span dir=\"auto\" style=\"vertical-align: inherit;\">Compact, il est facile \u00e0 ranger et \u00e0 transporter lors de f\u00eates ou de rassemblements.<\/span><\/span><img decoding=\"async\" class=\"aligncenter\" src=\"https:\/\/promodeal.com.tn\/wp-content\/uploads\/2025\/09\/jouet-enfant-cadeau-bingo-lotto-game-chance-promodeal-tunisie-.jpg\" \/><\/li>\n<li><img decoding=\"async\" class=\"aligncenter\" src=\"https:\/\/promodeal.com.tn\/wp-content\/uploads\/2025\/09\/jouet-enfant-cadeau-bingo-lotto-game-chance-promodeal-tunisie-2.jpg\" \/><\/li>\n<\/ul>\n","protected":false},"excerpt":{"rendered":"<ul>\n<li><strong>Type de produit<\/strong>\u00a0: Jeu de chance pour enfant<\/li>\n<li><strong>Contenu<\/strong>\u00a0: Le paquet contient<\/li>\n<li>Une machine \u00e0 boules porte-bonheur,<\/li>\n<li>90 boules num\u00e9rot\u00e9es<\/li>\n<li>48 cartes<\/li>\n<li>Dimension: 1,6 cm x 11,4 cm x 21,6 cm.<\/li>\n<\/ul>\n","protected":false},"featured_media":1476,"comment_status":"open","ping_status":"closed","template":"","meta":[],"product_brand":[],"product_cat":[93,108],"product_tag":[],"class_list":{"0":"post-1475","1":"product","2":"type-product","3":"status-publish","4":"has-post-thumbnail","6":"product_cat-idees-cadeaux-enfants","7":"product_cat-jouets","8":"product_shipping_class-livraison-7-tnd-fix","10":"first","11":"instock","12":"sale","13":"taxable","14":"shipping-taxable","15":"purchasable","16":"product-type-simple"},"jetpack_sharing_enabled":true,"_links":{"self":[{"href":"https:\/\/yallafid.com\/index.php?rest_route=\/wp\/v2\/product\/1475","targetHints":{"allow":["GET"]}}],"collection":[{"href":"https:\/\/yallafid.com\/index.php?rest_route=\/wp\/v2\/product"}],"about":[{"href":"https:\/\/yallafid.com\/index.php?rest_route=\/wp\/v2\/types\/product"}],"replies":[{"embeddable":true,"href":"https:\/\/yallafid.com\/index.php?rest_route=%2Fwp%2Fv2%2Fcomments&post=1475"}],"version-history":[{"count":2,"href":"https:\/\/yallafid.com\/index.php?rest_route=\/wp\/v2\/product\/1475\/revisions"}],"predecessor-version":[{"id":1479,"href":"https:\/\/yallafid.com\/index.php?rest_route=\/wp\/v2\/product\/1475\/revisions\/1479"}],"wp:featuredmedia":[{"embeddable":true,"href":"https:\/\/yallafid.com\/index.php?rest_route=\/wp\/v2\/media\/1476"}],"wp:attachment":[{"href":"https:\/\/yallafid.com\/index.php?rest_route=%2Fwp%2Fv2%2Fmedia&parent=1475"}],"wp:term":[{"taxonomy":"product_brand","embeddable":true,"href":"https:\/\/yallafid.com\/index.php?rest_route=%2Fwp%2Fv2%2Fproduct_brand&post=1475"},{"taxonomy":"product_cat","embeddable":true,"href":"https:\/\/yallafid.com\/index.php?rest_route=%2Fwp%2Fv2%2Fproduct_cat&post=1475"},{"taxonomy":"product_tag","embeddable":true,"href":"https:\/\/yallafid.com\/index.php?rest_route=%2Fwp%2Fv2%2Fproduct_tag&post=1475"}],"curies":[{"name":"wp","href":"https:\/\/api.w.org\/{rel}","templated":true}]}}