{"id":154,"date":"2025-01-14T14:40:18","date_gmt":"2025-01-14T14:40:18","guid":{"rendered":"https:\/\/dummy.xtemos.com\/woodmart2\/marketplace2-elementor\/?post_type=product&#038;p=154"},"modified":"2025-10-29T11:14:21","modified_gmt":"2025-10-29T11:14:21","slug":"hyundai-arn24hsswf1","status":"publish","type":"product","link":"https:\/\/yallafid.com\/?product=hyundai-arn24hsswf1","title":{"rendered":"Tondeuse Cheveux Rechargeable KEMEI MAX2092"},"content":{"rendered":"<h2 style=\"text-align: center;\"><strong><span dir=\"auto\" style=\"vertical-align: inherit;\"><span dir=\"auto\" style=\"vertical-align: inherit;\">Tondeuse \u00e0 cheveux professionnelle pour homme sans fil de la marque KEMEI-avec son design \u00e0 graffiti, rechargeable, cadeaux\u00a0<\/span><\/span><\/strong><\/h2>\n<ul>\n<li><span dir=\"auto\" style=\"vertical-align: inherit;\"><span dir=\"auto\" style=\"vertical-align: inherit;\">Lame r\u00e9glable : permet de personnaliser les longueurs de coupe, variante de 0,1 mm \u00e0 3,55 mm.<\/span><\/span><\/li>\n<li><span dir=\"auto\" style=\"vertical-align: inherit;\"><span dir=\"auto\" style=\"vertical-align: inherit;\">Moteur puissant : (5 W) qui offre une dur\u00e9e de vie de performance sup\u00e9rieure.<\/span><\/span><\/li>\n<li><span dir=\"auto\" style=\"vertical-align: inherit;\"><span dir=\"auto\" style=\"vertical-align: inherit;\">Batterie haute capacit\u00e9 : Cellule de batterie rechargeable int\u00e9gr\u00e9e de qualit\u00e9 sup\u00e9rieure et plus s\u00fbre<\/span><\/span><\/li>\n<\/ul>\n<p><img loading=\"lazy\" decoding=\"async\" class=\"aligncenter wp-image-2394 size-full\" src=\"https:\/\/yallafid.com\/wp-content\/uploads\/2025\/01\/Tondeuse-cheveux-professionnelle-rechargeable-tunisie-yallafid-tabarka-sousse-vente-en-ligne-kemei-1-1.jpg\" alt=\"\" width=\"500\" height=\"500\" srcset=\"https:\/\/yallafid.com\/wp-content\/uploads\/2025\/01\/Tondeuse-cheveux-professionnelle-rechargeable-tunisie-yallafid-tabarka-sousse-vente-en-ligne-kemei-1-1.jpg 500w, https:\/\/yallafid.com\/wp-content\/uploads\/2025\/01\/Tondeuse-cheveux-professionnelle-rechargeable-tunisie-yallafid-tabarka-sousse-vente-en-ligne-kemei-1-1-300x300.jpg 300w, https:\/\/yallafid.com\/wp-content\/uploads\/2025\/01\/Tondeuse-cheveux-professionnelle-rechargeable-tunisie-yallafid-tabarka-sousse-vente-en-ligne-kemei-1-1-150x150.jpg 150w\" sizes=\"auto, (max-width: 500px) 100vw, 500px\" \/><\/p>\n<ul>\n<li><span dir=\"auto\" style=\"vertical-align: inherit;\"><span dir=\"auto\" style=\"vertical-align: inherit;\">Offre jusqu&rsquo;\u00e0 180 minutes de temps de fonctionnement avec une charge de 2,5 heures, la lumi\u00e8re LED indique le niveau de la batterie<\/span><\/span><\/li>\n<li><strong><span dir=\"auto\" style=\"vertical-align: inherit;\"><span dir=\"auto\" style=\"vertical-align: inherit;\">Contenu de la livraison<\/span><\/span><\/strong><span dir=\"auto\" style=\"vertical-align: inherit;\"><span dir=\"auto\" style=\"vertical-align: inherit;\"> : 1 tondeuse \u00e0 cheveux (batterie incluse), 8 peignes (pour tondeuse \u00e0 cheveux : 3\/6\/10\/13\/16\/19\/22\/25 mm; ), 1 c\u00e2ble USB universel, 1 brosse de nettoyage, 1 peigne long, 1 huile de lame, 1 manuel de l&rsquo;utilisateur (fran\u00e7ais non garanti).<\/span><\/span><\/li>\n<\/ul>\n<p><img loading=\"lazy\" decoding=\"async\" class=\"aligncenter wp-image-2391 size-full\" src=\"https:\/\/yallafid.com\/wp-content\/uploads\/2025\/01\/Tondeuse-cheveux-professionnelle-rechargeable-tunisie-yallafid-tabarka-sousse-vente-en-ligne-kemei-4.jpg\" alt=\"\" width=\"832\" height=\"833\" srcset=\"https:\/\/yallafid.com\/wp-content\/uploads\/2025\/01\/Tondeuse-cheveux-professionnelle-rechargeable-tunisie-yallafid-tabarka-sousse-vente-en-ligne-kemei-4.jpg 832w, https:\/\/yallafid.com\/wp-content\/uploads\/2025\/01\/Tondeuse-cheveux-professionnelle-rechargeable-tunisie-yallafid-tabarka-sousse-vente-en-ligne-kemei-4-300x300.jpg 300w, https:\/\/yallafid.com\/wp-content\/uploads\/2025\/01\/Tondeuse-cheveux-professionnelle-rechargeable-tunisie-yallafid-tabarka-sousse-vente-en-ligne-kemei-4-150x150.jpg 150w, https:\/\/yallafid.com\/wp-content\/uploads\/2025\/01\/Tondeuse-cheveux-professionnelle-rechargeable-tunisie-yallafid-tabarka-sousse-vente-en-ligne-kemei-4-768x769.jpg 768w, https:\/\/yallafid.com\/wp-content\/uploads\/2025\/01\/Tondeuse-cheveux-professionnelle-rechargeable-tunisie-yallafid-tabarka-sousse-vente-en-ligne-kemei-4-600x600.jpg 600w\" sizes=\"auto, (max-width: 832px) 100vw, 832px\" \/><\/p>\n<p>&nbsp;<\/p>\n<h4><\/h4>\n<p>&nbsp;<\/p>\n<p>&nbsp;<\/p>\n<h4><\/h4>\n<p>&nbsp;<\/p>\n<p>&nbsp;<\/p>\n<h4><\/h4>\n<p>&nbsp;<\/p>\n<p>&nbsp;<\/p>\n<h4><\/h4>\n<p>&nbsp;<\/p>\n<p>&nbsp;<\/p>\n<p>&nbsp;<\/p>\n<p>&nbsp;<\/p>\n","protected":false},"excerpt":{"rendered":"<ul>\n<li><strong><span dir=\"auto\" style=\"vertical-align: inherit;\"><span dir=\"auto\" style=\"vertical-align: inherit;\">Mod\u00e8le :<\/span><\/span><\/strong><span dir=\"auto\" style=\"vertical-align: inherit;\"><span dir=\"auto\" style=\"vertical-align: inherit;\"> KM-MAX2092<\/span><\/span><\/li>\n<li><strong><span dir=\"auto\" style=\"vertical-align: inherit;\"><span dir=\"auto\" style=\"vertical-align: inherit;\">Puissance<\/span><\/span><\/strong><span dir=\"auto\" style=\"vertical-align: inherit;\"><span dir=\"auto\" style=\"vertical-align: inherit;\"> : 5W<\/span><\/span><\/li>\n<li><strong><span dir=\"auto\" style=\"vertical-align: inherit;\"><span dir=\"auto\" style=\"vertical-align: inherit;\">Capacit\u00e9 de la batterie<\/span><\/span><\/strong><span dir=\"auto\" style=\"vertical-align: inherit;\"><span dir=\"auto\" style=\"vertical-align: inherit;\"> : 2000mAh<\/span><\/span><\/li>\n<li><strong><span dir=\"auto\" style=\"vertical-align: inherit;\"><span dir=\"auto\" style=\"vertical-align: inherit;\">Temps de charge :<\/span><\/span><\/strong><span dir=\"auto\" style=\"vertical-align: inherit;\"><span dir=\"auto\" style=\"vertical-align: inherit;\"> 2,5 heures<\/span><\/span><\/li>\n<li><strong><span dir=\"auto\" style=\"vertical-align: inherit;\"><span dir=\"auto\" style=\"vertical-align: inherit;\">Autonomie :\u00a0<\/span><\/span><\/strong><span dir=\"auto\" style=\"vertical-align: inherit;\"><span dir=\"auto\" style=\"vertical-align: inherit;\"> 180 min<\/span><\/span><\/li>\n<li><strong><span dir=\"auto\" style=\"vertical-align: inherit;\"><span dir=\"auto\" style=\"vertical-align: inherit;\">Peignes de limite<\/span><\/span><\/strong><span dir=\"auto\" style=\"vertical-align: inherit;\"><span dir=\"auto\" style=\"vertical-align: inherit;\"> : 3, 6, 10, 13, 16, 19, 22, 25mm<\/span><\/span><\/li>\n<li><strong><span dir=\"auto\" style=\"vertical-align: inherit;\"><span dir=\"auto\" style=\"vertical-align: inherit;\">Couleur<\/span><\/span><\/strong><span dir=\"auto\" style=\"vertical-align: inherit;\"><span dir=\"auto\" style=\"vertical-align: inherit;\"> : Multicolore<\/span><\/span><\/li>\n<li><span dir=\"auto\" style=\"vertical-align: inherit;\"><span dir=\"auto\" style=\"vertical-align: inherit;\">Sans fil<\/span><\/span><\/li>\n<\/ul>\n","protected":false},"featured_media":2393,"comment_status":"open","ping_status":"closed","template":"","meta":[],"product_brand":[],"product_cat":[34,44,191],"product_tag":[],"class_list":{"0":"post-154","1":"product","2":"type-product","3":"status-publish","4":"has-post-thumbnail","6":"product_cat-beaute-soins","7":"product_cat-soins-beaute-homme","8":"product_cat-tondeuses-rasoirs","9":"product_shipping_class-livraison-7-tnd-fix","11":"first","12":"instock","13":"sale","14":"taxable","15":"shipping-taxable","16":"purchasable","17":"product-type-simple"},"jetpack_sharing_enabled":true,"_links":{"self":[{"href":"https:\/\/yallafid.com\/index.php?rest_route=\/wp\/v2\/product\/154","targetHints":{"allow":["GET"]}}],"collection":[{"href":"https:\/\/yallafid.com\/index.php?rest_route=\/wp\/v2\/product"}],"about":[{"href":"https:\/\/yallafid.com\/index.php?rest_route=\/wp\/v2\/types\/product"}],"replies":[{"embeddable":true,"href":"https:\/\/yallafid.com\/index.php?rest_route=%2Fwp%2Fv2%2Fcomments&post=154"}],"version-history":[{"count":3,"href":"https:\/\/yallafid.com\/index.php?rest_route=\/wp\/v2\/product\/154\/revisions"}],"predecessor-version":[{"id":2397,"href":"https:\/\/yallafid.com\/index.php?rest_route=\/wp\/v2\/product\/154\/revisions\/2397"}],"wp:featuredmedia":[{"embeddable":true,"href":"https:\/\/yallafid.com\/index.php?rest_route=\/wp\/v2\/media\/2393"}],"wp:attachment":[{"href":"https:\/\/yallafid.com\/index.php?rest_route=%2Fwp%2Fv2%2Fmedia&parent=154"}],"wp:term":[{"taxonomy":"product_brand","embeddable":true,"href":"https:\/\/yallafid.com\/index.php?rest_route=%2Fwp%2Fv2%2Fproduct_brand&post=154"},{"taxonomy":"product_cat","embeddable":true,"href":"https:\/\/yallafid.com\/index.php?rest_route=%2Fwp%2Fv2%2Fproduct_cat&post=154"},{"taxonomy":"product_tag","embeddable":true,"href":"https:\/\/yallafid.com\/index.php?rest_route=%2Fwp%2Fv2%2Fproduct_tag&post=154"}],"curies":[{"name":"wp","href":"https:\/\/api.w.org\/{rel}","templated":true}]}}