{"id":155,"date":"2025-01-14T14:40:18","date_gmt":"2025-01-14T14:40:18","guid":{"rendered":"https:\/\/dummy.xtemos.com\/woodmart2\/marketplace2-elementor\/?post_type=product&#038;p=155"},"modified":"2025-10-23T08:45:49","modified_gmt":"2025-10-23T08:45:49","slug":"hyundai-arn07hqm","status":"publish","type":"product","link":"https:\/\/yallafid.com\/?product=hyundai-arn07hqm","title":{"rendered":"Radio vintage rechargeable Meier  MD-1317BT"},"content":{"rendered":"<h1 style=\"text-align: center;\"><strong>Radio &#8211; Haut-Parleur Vintage Gramophone Bluetooth Meier \u2013 \u00c9l\u00e9gance R\u00e9tro &amp; Son Moderne<\/strong><\/h1>\n<ul>\n<li>Elle int\u00e8gre une radio AM\/FM\/SW.<\/li>\n<li>Elle est dot\u00e9e de la connectivit\u00e9 Bluetooth 5.0 pour la lecture de musique sans fil.<\/li>\n<\/ul>\n<p><img loading=\"lazy\" decoding=\"async\" class=\"aligncenter wp-image-1969 size-full\" src=\"https:\/\/yallafid.com\/wp-content\/uploads\/2025\/01\/radio-vitange-avec-bouk-ancien-model-tunisie-yallafid-tabarka-nabel-jerba-silianna-el-kef-monastir-sousse.jpg\" alt=\"\" width=\"945\" height=\"935\" srcset=\"https:\/\/yallafid.com\/wp-content\/uploads\/2025\/01\/radio-vitange-avec-bouk-ancien-model-tunisie-yallafid-tabarka-nabel-jerba-silianna-el-kef-monastir-sousse.jpg 945w, https:\/\/yallafid.com\/wp-content\/uploads\/2025\/01\/radio-vitange-avec-bouk-ancien-model-tunisie-yallafid-tabarka-nabel-jerba-silianna-el-kef-monastir-sousse-300x297.jpg 300w, https:\/\/yallafid.com\/wp-content\/uploads\/2025\/01\/radio-vitange-avec-bouk-ancien-model-tunisie-yallafid-tabarka-nabel-jerba-silianna-el-kef-monastir-sousse-768x760.jpg 768w, https:\/\/yallafid.com\/wp-content\/uploads\/2025\/01\/radio-vitange-avec-bouk-ancien-model-tunisie-yallafid-tabarka-nabel-jerba-silianna-el-kef-monastir-sousse-150x148.jpg 150w\" sizes=\"auto, (max-width: 945px) 100vw, 945px\" \/><\/p>\n<ul>\n<li>Elle dispose d&rsquo;un lecteur MP3 et de ports USB et de cartes SD\/TF pour la lecture de fichiers audio.<\/li>\n<li>Son bo\u00eetier est en MDF de haute qualit\u00e9.<\/li>\n<\/ul>\n<p>&nbsp;<\/p>\n<p><img loading=\"lazy\" decoding=\"async\" class=\"aligncenter wp-image-1970 size-full\" src=\"https:\/\/yallafid.com\/wp-content\/uploads\/2025\/01\/radio-vitange-avec-bouk-ancien-model-tunisie-yallafid-tabarka-nabel-jerba-silianna-el-kef-monastir.jpg\" alt=\"\" width=\"936\" height=\"937\" srcset=\"https:\/\/yallafid.com\/wp-content\/uploads\/2025\/01\/radio-vitange-avec-bouk-ancien-model-tunisie-yallafid-tabarka-nabel-jerba-silianna-el-kef-monastir.jpg 936w, https:\/\/yallafid.com\/wp-content\/uploads\/2025\/01\/radio-vitange-avec-bouk-ancien-model-tunisie-yallafid-tabarka-nabel-jerba-silianna-el-kef-monastir-300x300.jpg 300w, https:\/\/yallafid.com\/wp-content\/uploads\/2025\/01\/radio-vitange-avec-bouk-ancien-model-tunisie-yallafid-tabarka-nabel-jerba-silianna-el-kef-monastir-150x150.jpg 150w, https:\/\/yallafid.com\/wp-content\/uploads\/2025\/01\/radio-vitange-avec-bouk-ancien-model-tunisie-yallafid-tabarka-nabel-jerba-silianna-el-kef-monastir-768x769.jpg 768w, https:\/\/yallafid.com\/wp-content\/uploads\/2025\/01\/radio-vitange-avec-bouk-ancien-model-tunisie-yallafid-tabarka-nabel-jerba-silianna-el-kef-monastir-600x600.jpg 600w\" sizes=\"auto, (max-width: 936px) 100vw, 936px\" \/><\/p>\n<p>&nbsp;<\/p>\n<p><img loading=\"lazy\" decoding=\"async\" class=\"aligncenter wp-image-1974 size-full\" src=\"https:\/\/yallafid.com\/wp-content\/uploads\/2025\/01\/radio-vitange-avec-bouk-ancien-model-tunisie-yallafid-tabarka-nabel-jerba-silianna-el-kef-monastir-sousse6.jpg\" alt=\"\" width=\"730\" height=\"730\" srcset=\"https:\/\/yallafid.com\/wp-content\/uploads\/2025\/01\/radio-vitange-avec-bouk-ancien-model-tunisie-yallafid-tabarka-nabel-jerba-silianna-el-kef-monastir-sousse6.jpg 730w, https:\/\/yallafid.com\/wp-content\/uploads\/2025\/01\/radio-vitange-avec-bouk-ancien-model-tunisie-yallafid-tabarka-nabel-jerba-silianna-el-kef-monastir-sousse6-300x300.jpg 300w, https:\/\/yallafid.com\/wp-content\/uploads\/2025\/01\/radio-vitange-avec-bouk-ancien-model-tunisie-yallafid-tabarka-nabel-jerba-silianna-el-kef-monastir-sousse6-150x150.jpg 150w, https:\/\/yallafid.com\/wp-content\/uploads\/2025\/01\/radio-vitange-avec-bouk-ancien-model-tunisie-yallafid-tabarka-nabel-jerba-silianna-el-kef-monastir-sousse6-600x600.jpg 600w\" sizes=\"auto, (max-width: 730px) 100vw, 730px\" \/><\/p>\n<h4><\/h4>\n<p>&nbsp;<\/p>\n","protected":false},"excerpt":{"rendered":"<ul>\n<li><strong>Marque<\/strong> : Meier MD-1317BT<\/li>\n<li>Design R\u00e9tro Inspir\u00e9 du Gramophone<\/li>\n<li>Aliment\u00e9e par une batterie rechargeable int\u00e9gr\u00e9e de 1800 mAh<\/li>\n<li>Cette radio peut fonctionner jusqu&rsquo;\u00e0 11 heures \u00e0 volume moyen<\/li>\n<li>Un Cadeau Attentionn\u00e9 qui Apporte de la Joie<\/li>\n<li>FM \/ AM \/ SW<\/li>\n<li><strong> Bluetooth int\u00e9gr\u00e9<\/strong>: connectez smartphone, tablette ou PC facilement<\/li>\n<li>Mode MP3 \/ USB \/ Carte m\u00e9moire<\/li>\n<li>Son clair et puissant avec haut-parleur de qualit\u00e9<\/li>\n<\/ul>\n","protected":false},"featured_media":1971,"comment_status":"open","ping_status":"closed","template":"","meta":[],"product_brand":[73],"product_cat":[27,192],"product_tag":[],"class_list":{"0":"post-155","1":"product","2":"type-product","3":"status-publish","4":"has-post-thumbnail","6":"product_brand-samsung","7":"product_cat-accessoires-image-son","8":"product_cat-radio","9":"product_shipping_class-livraison-7-tnd-fix","11":"first","12":"instock","13":"sale","14":"taxable","15":"shipping-taxable","16":"purchasable","17":"product-type-simple"},"jetpack_sharing_enabled":true,"_links":{"self":[{"href":"https:\/\/yallafid.com\/index.php?rest_route=\/wp\/v2\/product\/155","targetHints":{"allow":["GET"]}}],"collection":[{"href":"https:\/\/yallafid.com\/index.php?rest_route=\/wp\/v2\/product"}],"about":[{"href":"https:\/\/yallafid.com\/index.php?rest_route=\/wp\/v2\/types\/product"}],"replies":[{"embeddable":true,"href":"https:\/\/yallafid.com\/index.php?rest_route=%2Fwp%2Fv2%2Fcomments&post=155"}],"version-history":[{"count":2,"href":"https:\/\/yallafid.com\/index.php?rest_route=\/wp\/v2\/product\/155\/revisions"}],"predecessor-version":[{"id":1968,"href":"https:\/\/yallafid.com\/index.php?rest_route=\/wp\/v2\/product\/155\/revisions\/1968"}],"wp:featuredmedia":[{"embeddable":true,"href":"https:\/\/yallafid.com\/index.php?rest_route=\/wp\/v2\/media\/1971"}],"wp:attachment":[{"href":"https:\/\/yallafid.com\/index.php?rest_route=%2Fwp%2Fv2%2Fmedia&parent=155"}],"wp:term":[{"taxonomy":"product_brand","embeddable":true,"href":"https:\/\/yallafid.com\/index.php?rest_route=%2Fwp%2Fv2%2Fproduct_brand&post=155"},{"taxonomy":"product_cat","embeddable":true,"href":"https:\/\/yallafid.com\/index.php?rest_route=%2Fwp%2Fv2%2Fproduct_cat&post=155"},{"taxonomy":"product_tag","embeddable":true,"href":"https:\/\/yallafid.com\/index.php?rest_route=%2Fwp%2Fv2%2Fproduct_tag&post=155"}],"curies":[{"name":"wp","href":"https:\/\/api.w.org\/{rel}","templated":true}]}}