{"id":156,"date":"2025-01-14T14:40:18","date_gmt":"2025-01-14T14:40:18","guid":{"rendered":"https:\/\/dummy.xtemos.com\/woodmart2\/marketplace2-elementor\/?post_type=product&#038;p=156"},"modified":"2025-10-28T12:05:02","modified_gmt":"2025-10-28T12:05:02","slug":"apple-macbook-pro-16-m1-pro","status":"publish","type":"product","link":"https:\/\/yallafid.com\/?product=apple-macbook-pro-16-m1-pro","title":{"rendered":"Cible de Boxe Musicale Intelligente"},"content":{"rendered":"<h1 style=\"text-align: center;\"><strong>\u00a0Cible de Boxe Musicale Intelligente<\/strong><\/h1>\n<ul>\n<li>Cible murale \u00e9lectronique dot\u00e9e de plusieurs zones de frappe<\/li>\n<li><strong>Fonctionnalit\u00e9 Principale<\/strong> : Les zones de frappe s&rsquo;allument en rythme avec de la musique ou une s\u00e9quence pr\u00e9d\u00e9finie, invitant l&rsquo;utilisateur \u00e0 frapper la zone allum\u00e9e rapidement.<\/li>\n<li>Cela permet de travailler les r\u00e9flexes, la coordination \u0153il-main, le cardio et l&rsquo;agilit\u00e9.<\/li>\n<\/ul>\n<p>\u2728 <strong>Caract\u00e9ristiques Sp\u00e9cifiques:<\/strong><\/p>\n<ul>\n<li>Fait r\u00e9f\u00e9rence au design de la cible.<\/li>\n<li><strong>Connectivit\u00e9 Bluetooth<\/strong> : Permet de connecter l&rsquo;appareil \u00e0 votre t\u00e9l\u00e9phone ou tablette pour jouer votre propre musique et, dans certains mod\u00e8les, de suivre vos donn\u00e9es d&rsquo;entra\u00eenement.<\/li>\n<li><strong>Effets sonores intelligents :<\/strong> Des sons qui accompagnent les frappes et les s\u00e9quences.<\/li>\n<li><strong>Contr\u00f4le tactile<\/strong> : Indique que l&rsquo;appareil peut \u00eatre contr\u00f4l\u00e9 par des commandes tactiles.<\/li>\n<\/ul>\n<p>&nbsp;<\/p>\n<p>\ud83d\udca1 <strong>Avantages :<\/strong><\/p>\n<ul>\n<li><strong>L&rsquo;aspect Ludique<\/strong> : L&rsquo;entra\u00eenement est moins monotone gr\u00e2ce \u00e0 la musique et au rythme des lumi\u00e8res.<\/li>\n<li><strong>Accessibilit\u00e9<\/strong> : Adapt\u00e9 \u00e0 tous les niveaux, des d\u00e9butants aux sportifs confirm\u00e9s, et souvent aux enfants.<\/li>\n<li><strong>Faible Encombrement<\/strong> : Se fixe au mur (souvent sans per\u00e7age avec des bandes velcro robustes dans certains mod\u00e8les), prenant peu de place.<\/li>\n<li>\u00a0Il permet de br\u00fbler des calories, de r\u00e9duire le stress et d&rsquo;am\u00e9liorer les capacit\u00e9s motrices.<\/li>\n<\/ul>\n<h4><\/h4>\n<h4><\/h4>\n<p>&nbsp;<\/p>\n<h4><\/h4>\n<p>&nbsp;<\/p>\n<p>&nbsp;<\/p>\n<p>&nbsp;<\/p>\n<p>&nbsp;<\/p>\n<p>&nbsp;<\/p>\n<h4 class=\"info-box-title title box-title-style-default wd-fontsize-m\" data-elementor-setting-key=\"title\"><\/h4>\n<p>&nbsp;<\/p>\n<p>&nbsp;<\/p>\n","protected":false},"excerpt":{"rendered":"<ul>\n<li>Appareil d&rsquo;entra\u00eenement de boxe mural<\/li>\n<li>Avec musique via Bluetooth Sl-0025<\/li>\n<li>Avec deux gants<\/li>\n<\/ul>\n","protected":false},"featured_media":2312,"comment_status":"open","ping_status":"closed","template":"","meta":[],"product_brand":[],"product_cat":[33,108],"product_tag":[],"class_list":{"0":"post-156","1":"product","2":"type-product","3":"status-publish","4":"has-post-thumbnail","6":"product_cat-bebes-enfants","7":"product_cat-jouets","8":"product_shipping_class-livraison-7-tnd-fix","10":"first","11":"instock","12":"sale","13":"featured","14":"taxable","15":"shipping-taxable","16":"purchasable","17":"product-type-simple"},"jetpack_sharing_enabled":true,"_links":{"self":[{"href":"https:\/\/yallafid.com\/index.php?rest_route=\/wp\/v2\/product\/156","targetHints":{"allow":["GET"]}}],"collection":[{"href":"https:\/\/yallafid.com\/index.php?rest_route=\/wp\/v2\/product"}],"about":[{"href":"https:\/\/yallafid.com\/index.php?rest_route=\/wp\/v2\/types\/product"}],"replies":[{"embeddable":true,"href":"https:\/\/yallafid.com\/index.php?rest_route=%2Fwp%2Fv2%2Fcomments&post=156"}],"version-history":[{"count":2,"href":"https:\/\/yallafid.com\/index.php?rest_route=\/wp\/v2\/product\/156\/revisions"}],"predecessor-version":[{"id":2310,"href":"https:\/\/yallafid.com\/index.php?rest_route=\/wp\/v2\/product\/156\/revisions\/2310"}],"wp:featuredmedia":[{"embeddable":true,"href":"https:\/\/yallafid.com\/index.php?rest_route=\/wp\/v2\/media\/2312"}],"wp:attachment":[{"href":"https:\/\/yallafid.com\/index.php?rest_route=%2Fwp%2Fv2%2Fmedia&parent=156"}],"wp:term":[{"taxonomy":"product_brand","embeddable":true,"href":"https:\/\/yallafid.com\/index.php?rest_route=%2Fwp%2Fv2%2Fproduct_brand&post=156"},{"taxonomy":"product_cat","embeddable":true,"href":"https:\/\/yallafid.com\/index.php?rest_route=%2Fwp%2Fv2%2Fproduct_cat&post=156"},{"taxonomy":"product_tag","embeddable":true,"href":"https:\/\/yallafid.com\/index.php?rest_route=%2Fwp%2Fv2%2Fproduct_tag&post=156"}],"curies":[{"name":"wp","href":"https:\/\/api.w.org\/{rel}","templated":true}]}}