{"id":1732,"date":"2025-10-11T20:38:18","date_gmt":"2025-10-11T20:38:18","guid":{"rendered":"https:\/\/yallafid.com\/?post_type=product&#038;p=1732"},"modified":"2025-10-18T21:24:48","modified_gmt":"2025-10-18T21:24:48","slug":"kit-de-7-tournevis-dingqi","status":"publish","type":"product","link":"https:\/\/yallafid.com\/?product=kit-de-7-tournevis-dingqi","title":{"rendered":"Kit de 7 tournevis DINGQI"},"content":{"rendered":"<div class=\"elementor-element elementor-element-ebb12f3 wd-single-title text-left elementor-widget elementor-widget-wd_single_product_title\" data-id=\"ebb12f3\" data-element_type=\"widget\" data-widget_type=\"wd_single_product_title.default\">\n<div class=\"elementor-widget-container\">\n<h1 class=\"product_title entry-title wd-entities-title\" style=\"text-align: center;\">Kit de 7 tournevis DINGQI<\/h1>\n<div class=\"elementor-element elementor-element-ebb12f3 wd-single-title text-left elementor-widget elementor-widget-wd_single_product_title\" data-id=\"ebb12f3\" data-element_type=\"widget\" data-widget_type=\"wd_single_product_title.default\">\n<div class=\"elementor-widget-container\"><\/div>\n<\/div>\n<div class=\"elementor-element elementor-element-4b871bf wd-single-short-desc text-left elementor-widget elementor-widget-wd_single_product_short_description\" data-id=\"4b871bf\" data-element_type=\"widget\" data-widget_type=\"wd_single_product_short_description.default\">\n<div class=\"elementor-widget-container\">\n<div class=\"woocommerce-product-details__short-description\">\n<ul>\n<li>Tournevis magn\u00e9tique avec manche en caoutchouc et conception ergonomique pour une prise en main s\u00fbre.\n<p>&nbsp;<\/li>\n<li>La construction robuste assure la long\u00e9vit\u00e9 et la durabilit\u00e9, assure une r\u00e9sistance \u00e0 la corrosion et \u00e0 l\u2019abrasion.<\/li>\n<li>Poign\u00e9e en caoutchouc pour une utilisation facile et confortable;\n<p>&nbsp;<\/li>\n<li>Qualit\u00e9 de fabrication robuste pour une longue dur\u00e9e de vie de l\u2019outil<\/li>\n<li>Ce produit est fabriqu\u00e9 \u00e0 partir de bons mat\u00e9riaux pour vous servir pendant des ann\u00e9es.<\/li>\n<li>Con\u00e7u \u00e0 l\u2019aide d\u2019une technologie de pointe et en pensant aux clients. Il r\u00e9pondra \u00e0 vos besoins<\/li>\n<\/ul>\n<\/div>\n<\/div>\n<\/div>\n<\/div>\n<\/div>\n","protected":false},"excerpt":{"rendered":"<ul>\n<li><strong>Nom de marque<\/strong> : DingQi<\/li>\n<li class=\"\">Num\u00e9ro de mod\u00e8le : 68007<\/li>\n<li class=\"\">Mat\u00e9riau : acier au carbone<\/li>\n<li class=\"\">Taille : 7 pi\u00e8ces<\/li>\n<li class=\"\">Application : Multi-usage<\/li>\n<li class=\"\">Type commun : polyvalent<\/li>\n<li class=\"\">Nom : Outil de tournevis multifonction<\/li>\n<\/ul>\n","protected":false},"featured_media":1736,"comment_status":"open","ping_status":"closed","template":"","meta":[],"product_brand":[],"product_cat":[90],"product_tag":[],"class_list":{"0":"post-1732","1":"product","2":"type-product","3":"status-publish","4":"has-post-thumbnail","6":"product_cat-outils-bricolage","8":"first","9":"instock","10":"taxable","11":"shipping-taxable","12":"product-type-simple"},"jetpack_sharing_enabled":true,"_links":{"self":[{"href":"https:\/\/yallafid.com\/index.php?rest_route=\/wp\/v2\/product\/1732","targetHints":{"allow":["GET"]}}],"collection":[{"href":"https:\/\/yallafid.com\/index.php?rest_route=\/wp\/v2\/product"}],"about":[{"href":"https:\/\/yallafid.com\/index.php?rest_route=\/wp\/v2\/types\/product"}],"replies":[{"embeddable":true,"href":"https:\/\/yallafid.com\/index.php?rest_route=%2Fwp%2Fv2%2Fcomments&post=1732"}],"version-history":[{"count":1,"href":"https:\/\/yallafid.com\/index.php?rest_route=\/wp\/v2\/product\/1732\/revisions"}],"predecessor-version":[{"id":1737,"href":"https:\/\/yallafid.com\/index.php?rest_route=\/wp\/v2\/product\/1732\/revisions\/1737"}],"wp:featuredmedia":[{"embeddable":true,"href":"https:\/\/yallafid.com\/index.php?rest_route=\/wp\/v2\/media\/1736"}],"wp:attachment":[{"href":"https:\/\/yallafid.com\/index.php?rest_route=%2Fwp%2Fv2%2Fmedia&parent=1732"}],"wp:term":[{"taxonomy":"product_brand","embeddable":true,"href":"https:\/\/yallafid.com\/index.php?rest_route=%2Fwp%2Fv2%2Fproduct_brand&post=1732"},{"taxonomy":"product_cat","embeddable":true,"href":"https:\/\/yallafid.com\/index.php?rest_route=%2Fwp%2Fv2%2Fproduct_cat&post=1732"},{"taxonomy":"product_tag","embeddable":true,"href":"https:\/\/yallafid.com\/index.php?rest_route=%2Fwp%2Fv2%2Fproduct_tag&post=1732"}],"curies":[{"name":"wp","href":"https:\/\/api.w.org\/{rel}","templated":true}]}}