{"id":1896,"date":"2025-10-21T10:48:01","date_gmt":"2025-10-21T10:48:01","guid":{"rendered":"https:\/\/yallafid.com\/?post_type=product&#038;p=1896"},"modified":"2025-10-21T10:48:01","modified_gmt":"2025-10-21T10:48:01","slug":"tondeuse-a-cheveux-pro-daling-dl-1753","status":"publish","type":"product","link":"https:\/\/yallafid.com\/?product=tondeuse-a-cheveux-pro-daling-dl-1753","title":{"rendered":"Tondeuse \u00e0 cheveux PRO DALING DL-1753"},"content":{"rendered":"<h1 style=\"text-align: center;\"><strong>Tondeuse \u00e0 cheveux DL- 1753 est une solution pour les soins capillaires professionnels \u00e0 domicile.<\/strong><\/h1>\n<ul>\n<li style=\"text-align: left;\">Cet outil fiable vous permettra de cr\u00e9er de belles coiffures.<\/li>\n<li style=\"text-align: left;\">La machine est \u00e9quip\u00e9e de la technologie sans fil, ce qui vous permet de l\u2019utiliser n\u2019importe o\u00f9. Il est id\u00e9al pour tailler la barbe et les cheveux des hommes et des femmes.<\/li>\n<li style=\"text-align: left;\">L\u2019ensemble comprend des accessoires sp\u00e9ciaux qui permettent une coupe de cheveux uniforme et soign\u00e9e.<\/li>\n<li style=\"text-align: left;\">La tondeuse a une longueur de coupe r\u00e9glable sur le c\u00f4t\u00e9 de 0,3 \u00e0 2 mm.<\/li>\n<li style=\"text-align: left;\">Vous pouvez facilement cr\u00e9er diverses coiffures \u00e9l\u00e9gantes sans quitter votre maison.<\/li>\n<li style=\"text-align: left;\">La tondeuse est de taille compacte et tient facilement dans votre main. Poids 356 g. Il est \u00e9quip\u00e9 d\u2019une puissante batterie de 2000 mAh qui, une fois compl\u00e8tement charg\u00e9e, vous offrira jusqu\u2019\u00e0 120 minutes d\u2019autonomie. Peut \u00eatre aliment\u00e9 pendant la charge.<\/li>\n<li style=\"text-align: left;\">La machine a un design tr\u00e8s attrayant de couleur bronze-argent, ce qui lui donne un look \u00e9l\u00e9gant et moderne. Gr\u00e2ce au moteur rotatif d\u2019une puissance de 8 W et 6500 tr\/min, son fonctionnement est quasiment silencieux et s\u00fbr.<\/li>\n<li style=\"text-align: left;\">Le corps est fait de plastique et de m\u00e9tal durables.<\/li>\n<li style=\"text-align: left;\">L\u2019ensemble comprend 8 buses d\u2019huile et une brosse de nettoyage. En achetant notre tondeuse \u00e0 cheveux, vous recevez un ensemble d\u2019outils de haute qualit\u00e9 qui mettront en valeur votre style impeccable et votre confiance en vous.<\/li>\n<li style=\"text-align: left;\">Ces appareils \u00e9lectrom\u00e9nagers r\u00e9pondent aux plus hautes exigences de qualit\u00e9 et de s\u00e9curit\u00e9.<\/li>\n<li style=\"text-align: left;\">Cette tondeuse \u00e0 barbe et moustache deviendra un assistant indispensable et n\u00e9cessaire pour un p\u00e8re, un grand-p\u00e8re, un fr\u00e8re, un mari, un ami ou un petit ami. C\u2019est un cadeau utile pour le Nouvel An, un anniversaire.<\/li>\n<\/ul>\n","protected":false},"excerpt":{"rendered":"<ul>\n<li><strong>Vitesse du moteur<\/strong>:6500,0 tr\/min<\/li>\n<li><strong>Mat\u00e9riau de la lame:<\/strong> acier inoxydable<\/li>\n<li><strong>Largeur du couteau:<\/strong> 45,0 millim\u00e8tres<\/li>\n<li><strong>Type de puissance<\/strong>: batterie\/secteur<\/li>\n<li><strong>Longueur du fil<\/strong>:1,0 m<\/li>\n<li><strong>Autonomie de la batterie<\/strong>:120,0 minutes<\/li>\n<li><strong>Couleur<\/strong>: bronze<\/li>\n<li><strong>Composants inclus :<\/strong><br \/>\n\u2013 Brosse de nettoyage<br \/>\n\u2013 Manuel d\u2019utilisation<br \/>\n\u2013 Rasoir<br \/>\n\u2013 Peigne (8 tailles diff\u00e9rentes)<br \/>\n\u2013 C\u00e2ble de chargement USB-C<br \/>\n\u2013 Bo\u00eete d\u2019emballage<br \/>\n\u2013 Huile pour l\u2019entretien de la lame<\/li>\n<\/ul>\n","protected":false},"featured_media":1899,"comment_status":"open","ping_status":"closed","template":"","meta":[],"product_brand":[],"product_cat":[44,191],"product_tag":[],"class_list":{"0":"post-1896","1":"product","2":"type-product","3":"status-publish","4":"has-post-thumbnail","6":"product_cat-soins-beaute-homme","7":"product_cat-tondeuses-rasoirs","8":"product_shipping_class-livraison-7-tnd-fix","10":"first","11":"instock","12":"taxable","13":"shipping-taxable","14":"purchasable","15":"product-type-simple"},"jetpack_sharing_enabled":true,"_links":{"self":[{"href":"https:\/\/yallafid.com\/index.php?rest_route=\/wp\/v2\/product\/1896","targetHints":{"allow":["GET"]}}],"collection":[{"href":"https:\/\/yallafid.com\/index.php?rest_route=\/wp\/v2\/product"}],"about":[{"href":"https:\/\/yallafid.com\/index.php?rest_route=\/wp\/v2\/types\/product"}],"replies":[{"embeddable":true,"href":"https:\/\/yallafid.com\/index.php?rest_route=%2Fwp%2Fv2%2Fcomments&post=1896"}],"version-history":[{"count":1,"href":"https:\/\/yallafid.com\/index.php?rest_route=\/wp\/v2\/product\/1896\/revisions"}],"predecessor-version":[{"id":1900,"href":"https:\/\/yallafid.com\/index.php?rest_route=\/wp\/v2\/product\/1896\/revisions\/1900"}],"wp:featuredmedia":[{"embeddable":true,"href":"https:\/\/yallafid.com\/index.php?rest_route=\/wp\/v2\/media\/1899"}],"wp:attachment":[{"href":"https:\/\/yallafid.com\/index.php?rest_route=%2Fwp%2Fv2%2Fmedia&parent=1896"}],"wp:term":[{"taxonomy":"product_brand","embeddable":true,"href":"https:\/\/yallafid.com\/index.php?rest_route=%2Fwp%2Fv2%2Fproduct_brand&post=1896"},{"taxonomy":"product_cat","embeddable":true,"href":"https:\/\/yallafid.com\/index.php?rest_route=%2Fwp%2Fv2%2Fproduct_cat&post=1896"},{"taxonomy":"product_tag","embeddable":true,"href":"https:\/\/yallafid.com\/index.php?rest_route=%2Fwp%2Fv2%2Fproduct_tag&post=1896"}],"curies":[{"name":"wp","href":"https:\/\/api.w.org\/{rel}","templated":true}]}}