{"id":203,"date":"2025-01-14T14:40:25","date_gmt":"2025-01-14T14:40:25","guid":{"rendered":"https:\/\/dummy.xtemos.com\/woodmart2\/marketplace2-elementor\/?post_type=product&#038;p=203"},"modified":"2025-10-29T10:26:26","modified_gmt":"2025-10-29T10:26:26","slug":"hp-zbook-firefly-14-g8","status":"publish","type":"product","link":"https:\/\/yallafid.com\/?product=hp-zbook-firefly-14-g8","title":{"rendered":"Tondeuse \u00e0 cheveux professionnelle rechargeable VGR V-931"},"content":{"rendered":"<h2 style=\"text-align: center;\"><strong><span dir=\"auto\" style=\"vertical-align: inherit;\"><span dir=\"auto\" style=\"vertical-align: inherit;\">Tondeuse \u00e0 cheveux professionnelle rechargeable VGR V-931<\/span><\/span><\/strong><\/h2>\n<p>&nbsp;<\/p>\n<p><img loading=\"lazy\" decoding=\"async\" class=\"aligncenter wp-image-2380 size-full\" src=\"https:\/\/yallafid.com\/wp-content\/uploads\/2025\/01\/Tondeuse-cheveux-professionnelle-rechargeable-VGR-V-931-tunisie-yallafid-tabarka.jpg\" alt=\"\" width=\"750\" height=\"750\" srcset=\"https:\/\/yallafid.com\/wp-content\/uploads\/2025\/01\/Tondeuse-cheveux-professionnelle-rechargeable-VGR-V-931-tunisie-yallafid-tabarka.jpg 750w, https:\/\/yallafid.com\/wp-content\/uploads\/2025\/01\/Tondeuse-cheveux-professionnelle-rechargeable-VGR-V-931-tunisie-yallafid-tabarka-300x300.jpg 300w, https:\/\/yallafid.com\/wp-content\/uploads\/2025\/01\/Tondeuse-cheveux-professionnelle-rechargeable-VGR-V-931-tunisie-yallafid-tabarka-150x150.jpg 150w, https:\/\/yallafid.com\/wp-content\/uploads\/2025\/01\/Tondeuse-cheveux-professionnelle-rechargeable-VGR-V-931-tunisie-yallafid-tabarka-600x600.jpg 600w\" sizes=\"auto, (max-width: 750px) 100vw, 750px\" \/><\/p>\n<ul>\n<li><span dir=\"auto\" style=\"vertical-align: inherit;\"><span dir=\"auto\" style=\"vertical-align: inherit;\">Tondeuse sans fil rechargeable con\u00e7ue pour un usage professionnel.<\/span><\/span><\/li>\n<li><span dir=\"auto\" style=\"vertical-align: inherit;\"><span dir=\"auto\" style=\"vertical-align: inherit;\">Elle est \u00e9quip\u00e9e de lames en c\u00e9ramique et en m\u00e9tal en poudre, d&rsquo;un moteur puissant avec des vitesses r\u00e9glables (5500-7000 tr\/min) et d&rsquo;une batterie au lithium de 1600 mAh.<\/span><\/span><\/li>\n<\/ul>\n<p><img loading=\"lazy\" decoding=\"async\" class=\"aligncenter wp-image-2377 size-full\" src=\"https:\/\/yallafid.com\/wp-content\/uploads\/2025\/01\/Tondeuse-cheveux-professionnelle-rechargeable-VGR-V-931-tunisie-yallafid-tabarka-sousse-3.jpg\" alt=\"\" width=\"965\" height=\"965\" srcset=\"https:\/\/yallafid.com\/wp-content\/uploads\/2025\/01\/Tondeuse-cheveux-professionnelle-rechargeable-VGR-V-931-tunisie-yallafid-tabarka-sousse-3.jpg 965w, https:\/\/yallafid.com\/wp-content\/uploads\/2025\/01\/Tondeuse-cheveux-professionnelle-rechargeable-VGR-V-931-tunisie-yallafid-tabarka-sousse-3-300x300.jpg 300w, https:\/\/yallafid.com\/wp-content\/uploads\/2025\/01\/Tondeuse-cheveux-professionnelle-rechargeable-VGR-V-931-tunisie-yallafid-tabarka-sousse-3-150x150.jpg 150w, https:\/\/yallafid.com\/wp-content\/uploads\/2025\/01\/Tondeuse-cheveux-professionnelle-rechargeable-VGR-V-931-tunisie-yallafid-tabarka-sousse-3-768x768.jpg 768w, https:\/\/yallafid.com\/wp-content\/uploads\/2025\/01\/Tondeuse-cheveux-professionnelle-rechargeable-VGR-V-931-tunisie-yallafid-tabarka-sousse-3-600x600.jpg 600w\" sizes=\"auto, (max-width: 965px) 100vw, 965px\" \/><\/p>\n<ul>\n<li><span dir=\"auto\" style=\"vertical-align: inherit;\"><span dir=\"auto\" style=\"vertical-align: inherit;\">Poss\u00e8de un \u00e9cran LED qui affiche le niveau de la batterie et les r\u00e9glages de vitesse.<\/span><\/span><\/li>\n<li><strong><span dir=\"auto\" style=\"vertical-align: inherit;\"><span dir=\"auto\" style=\"vertical-align: inherit;\">Le kit comprend<\/span><\/span><\/strong><span dir=\"auto\" style=\"vertical-align: inherit;\"><span dir=\"auto\" style=\"vertical-align: inherit;\"> la tondeuse, plusieurs sabots de coupe (1mm, 3mm, 5mm et 7mm), un c\u00e2ble de chargement USB, une brosse de nettoyage et une petite bouteille d&rsquo;huile<\/span><\/span><\/li>\n<\/ul>\n<p><img loading=\"lazy\" decoding=\"async\" class=\"aligncenter wp-image-2379 size-full\" src=\"https:\/\/yallafid.com\/wp-content\/uploads\/2025\/01\/Tondeuse-cheveux-professionnelle-rechargeable-VGR-V-931-tunisie-yallafid-tabarka-sousse.jpg\" alt=\"\" width=\"721\" height=\"722\" srcset=\"https:\/\/yallafid.com\/wp-content\/uploads\/2025\/01\/Tondeuse-cheveux-professionnelle-rechargeable-VGR-V-931-tunisie-yallafid-tabarka-sousse.jpg 721w, https:\/\/yallafid.com\/wp-content\/uploads\/2025\/01\/Tondeuse-cheveux-professionnelle-rechargeable-VGR-V-931-tunisie-yallafid-tabarka-sousse-300x300.jpg 300w, https:\/\/yallafid.com\/wp-content\/uploads\/2025\/01\/Tondeuse-cheveux-professionnelle-rechargeable-VGR-V-931-tunisie-yallafid-tabarka-sousse-150x150.jpg 150w, https:\/\/yallafid.com\/wp-content\/uploads\/2025\/01\/Tondeuse-cheveux-professionnelle-rechargeable-VGR-V-931-tunisie-yallafid-tabarka-sousse-600x600.jpg 600w\" sizes=\"auto, (max-width: 721px) 100vw, 721px\" \/><\/p>\n<h4><\/h4>\n<p>&nbsp;<\/p>\n<p>&nbsp;<\/p>\n<p>&nbsp;<\/p>\n<p>&nbsp;<\/p>\n<h4><\/h4>\n<p>&nbsp;<\/p>\n<p>&nbsp;<\/p>\n<p>&nbsp;<\/p>\n<h4 class=\"info-box-title title box-title-style-default wd-fontsize-m\" data-elementor-setting-key=\"title\"><\/h4>\n<p>&nbsp;<\/p>\n<p>&nbsp;<\/p>\n<h4 class=\"info-box-title title box-title-style-default wd-fontsize-m\" data-elementor-setting-key=\"title\"><\/h4>\n<p>&nbsp;<\/p>\n<p>&nbsp;<\/p>\n","protected":false},"excerpt":{"rendered":"<ul>\n<li><strong><span dir=\"auto\" style=\"vertical-align: inherit;\"><span dir=\"auto\" style=\"vertical-align: inherit;\">Marque :<\/span><\/span><\/strong><span dir=\"auto\" style=\"vertical-align: inherit;\"><span dir=\"auto\" style=\"vertical-align: inherit;\"> VGR V-931<\/span><\/span><\/li>\n<li><strong>Couleur<\/strong> : dor\u00e9<\/li>\n<li><strong><span dir=\"auto\" style=\"vertical-align: inherit;\"><span dir=\"auto\" style=\"vertical-align: inherit;\">Batterie<\/span><\/span><\/strong><span dir=\"auto\" style=\"vertical-align: inherit;\"><span dir=\"auto\" style=\"vertical-align: inherit;\"> : lithium 1600 mAh<\/span><\/span><\/li>\n<li><strong><span dir=\"auto\" style=\"vertical-align: inherit;\"><span dir=\"auto\" style=\"vertical-align: inherit;\">Rechargeable<\/span><\/span><\/strong><span dir=\"auto\" style=\"vertical-align: inherit;\"><span dir=\"auto\" style=\"vertical-align: inherit;\"> : via USB,<\/span><\/span><\/li>\n<li><strong><span dir=\"auto\" style=\"vertical-align: inherit;\"><span dir=\"auto\" style=\"vertical-align: inherit;\">Choix de longueurs : de<\/span><\/span><\/strong><span dir=\"auto\" style=\"vertical-align: inherit;\"><span dir=\"auto\" style=\"vertical-align: inherit;\"> \u00a00,5 \u00e0 10 mm<\/span><\/span><\/li>\n<li><strong><span dir=\"auto\" style=\"vertical-align: inherit;\"><span dir=\"auto\" style=\"vertical-align: inherit;\">Puissant de moteur<\/span><\/span><\/strong><span dir=\"auto\" style=\"vertical-align: inherit;\"><span dir=\"auto\" style=\"vertical-align: inherit;\"> : 7000 tours\/min.<\/span><\/span><\/li>\n<li><span dir=\"auto\" style=\"vertical-align: inherit;\"><span dir=\"auto\" style=\"vertical-align: inherit;\">Autonomie : 240 minutes<\/span><\/span><\/li>\n<\/ul>\n","protected":false},"featured_media":2379,"comment_status":"open","ping_status":"closed","template":"","meta":[],"product_brand":[],"product_cat":[34,44,191],"product_tag":[],"class_list":{"0":"post-203","1":"product","2":"type-product","3":"status-publish","4":"has-post-thumbnail","6":"product_cat-beaute-soins","7":"product_cat-soins-beaute-homme","8":"product_cat-tondeuses-rasoirs","9":"product_shipping_class-livraison-7-tnd-fix","11":"first","12":"instock","13":"sale","14":"taxable","15":"shipping-taxable","16":"purchasable","17":"product-type-simple"},"jetpack_sharing_enabled":true,"_links":{"self":[{"href":"https:\/\/yallafid.com\/index.php?rest_route=\/wp\/v2\/product\/203","targetHints":{"allow":["GET"]}}],"collection":[{"href":"https:\/\/yallafid.com\/index.php?rest_route=\/wp\/v2\/product"}],"about":[{"href":"https:\/\/yallafid.com\/index.php?rest_route=\/wp\/v2\/types\/product"}],"replies":[{"embeddable":true,"href":"https:\/\/yallafid.com\/index.php?rest_route=%2Fwp%2Fv2%2Fcomments&post=203"}],"version-history":[{"count":3,"href":"https:\/\/yallafid.com\/index.php?rest_route=\/wp\/v2\/product\/203\/revisions"}],"predecessor-version":[{"id":2376,"href":"https:\/\/yallafid.com\/index.php?rest_route=\/wp\/v2\/product\/203\/revisions\/2376"}],"wp:featuredmedia":[{"embeddable":true,"href":"https:\/\/yallafid.com\/index.php?rest_route=\/wp\/v2\/media\/2379"}],"wp:attachment":[{"href":"https:\/\/yallafid.com\/index.php?rest_route=%2Fwp%2Fv2%2Fmedia&parent=203"}],"wp:term":[{"taxonomy":"product_brand","embeddable":true,"href":"https:\/\/yallafid.com\/index.php?rest_route=%2Fwp%2Fv2%2Fproduct_brand&post=203"},{"taxonomy":"product_cat","embeddable":true,"href":"https:\/\/yallafid.com\/index.php?rest_route=%2Fwp%2Fv2%2Fproduct_cat&post=203"},{"taxonomy":"product_tag","embeddable":true,"href":"https:\/\/yallafid.com\/index.php?rest_route=%2Fwp%2Fv2%2Fproduct_tag&post=203"}],"curies":[{"name":"wp","href":"https:\/\/api.w.org\/{rel}","templated":true}]}}