{"id":204,"date":"2025-01-14T14:40:25","date_gmt":"2025-01-14T14:40:25","guid":{"rendered":"https:\/\/dummy.xtemos.com\/woodmart2\/marketplace2-elementor\/?post_type=product&#038;p=204"},"modified":"2026-01-13T14:50:07","modified_gmt":"2026-01-13T14:50:07","slug":"microsoft-surface-laptop-studio","status":"publish","type":"product","link":"https:\/\/yallafid.com\/?product=microsoft-surface-laptop-studio","title":{"rendered":"Poign\u00e9e de musculation \u2013 Hand Grips"},"content":{"rendered":"<p>&nbsp;<\/p>\n<h4><\/h4>\n<h4><img loading=\"lazy\" decoding=\"async\" class=\"aligncenter wp-image-2565 size-full\" src=\"https:\/\/yallafid.com\/wp-content\/uploads\/2025\/01\/Hand-grip-musculationsport-renforceur-poignee-promotion-tunnipromo-tunisie-.jpg\" alt=\"\" width=\"807\" height=\"807\" srcset=\"https:\/\/yallafid.com\/wp-content\/uploads\/2025\/01\/Hand-grip-musculationsport-renforceur-poignee-promotion-tunnipromo-tunisie-.jpg 807w, https:\/\/yallafid.com\/wp-content\/uploads\/2025\/01\/Hand-grip-musculationsport-renforceur-poignee-promotion-tunnipromo-tunisie--300x300.jpg 300w, https:\/\/yallafid.com\/wp-content\/uploads\/2025\/01\/Hand-grip-musculationsport-renforceur-poignee-promotion-tunnipromo-tunisie--150x150.jpg 150w, https:\/\/yallafid.com\/wp-content\/uploads\/2025\/01\/Hand-grip-musculationsport-renforceur-poignee-promotion-tunnipromo-tunisie--768x768.jpg 768w, https:\/\/yallafid.com\/wp-content\/uploads\/2025\/01\/Hand-grip-musculationsport-renforceur-poignee-promotion-tunnipromo-tunisie--600x600.jpg 600w\" sizes=\"auto, (max-width: 807px) 100vw, 807px\" \/><\/h4>\n<p>&nbsp;<\/p>\n<h4><\/h4>\n<p>&nbsp;<\/p>\n<p>&nbsp;<\/p>\n<p>&nbsp;<\/p>\n<p>&nbsp;<\/p>\n<p>&nbsp;<\/p>\n<h4><\/h4>\n<p>&nbsp;<\/p>\n<p>&nbsp;<\/p>\n<p>&nbsp;<\/p>\n<p>&nbsp;<\/p>\n","protected":false},"excerpt":{"rendered":"<ul>\n<li>Construction en mousse souple pour une prise en main confortable<\/li>\n<li>Contribue \u00e0 renforcer les mains, les doigts et les avant-bras.<\/li>\n<li>Am\u00e9liore la force et l\u2019endurance de pr\u00e9hension<\/li>\n<li>Adapt\u00e9 \u00e0 l\u2019entra\u00eenement physique et \u00e0 la r\u00e9\u00e9ducation<\/li>\n<li>Id\u00e9al pour soulager le stress et faire travailler les mains<\/li>\n<li>L\u00e9ger, compact et facile \u00e0 transporter<\/li>\n<li>Convient \u00e0 tous les \u00e2ges et \u00e0 tous les niveaux de forme physique<\/li>\n<\/ul>\n","protected":false},"featured_media":2563,"comment_status":"open","ping_status":"closed","template":"","meta":[],"product_brand":[],"product_cat":[101,86],"product_tag":[],"class_list":{"0":"post-204","1":"product","2":"type-product","3":"status-publish","4":"has-post-thumbnail","6":"product_cat-renforcement-musculaire","7":"product_cat-sport","8":"product_shipping_class-livraison-7-tnd-fix","10":"first","11":"instock","12":"sale","13":"featured","14":"taxable","15":"shipping-taxable","16":"purchasable","17":"product-type-simple"},"jetpack_sharing_enabled":true,"_links":{"self":[{"href":"https:\/\/yallafid.com\/index.php?rest_route=\/wp\/v2\/product\/204","targetHints":{"allow":["GET"]}}],"collection":[{"href":"https:\/\/yallafid.com\/index.php?rest_route=\/wp\/v2\/product"}],"about":[{"href":"https:\/\/yallafid.com\/index.php?rest_route=\/wp\/v2\/types\/product"}],"replies":[{"embeddable":true,"href":"https:\/\/yallafid.com\/index.php?rest_route=%2Fwp%2Fv2%2Fcomments&post=204"}],"version-history":[{"count":2,"href":"https:\/\/yallafid.com\/index.php?rest_route=\/wp\/v2\/product\/204\/revisions"}],"predecessor-version":[{"id":2568,"href":"https:\/\/yallafid.com\/index.php?rest_route=\/wp\/v2\/product\/204\/revisions\/2568"}],"wp:featuredmedia":[{"embeddable":true,"href":"https:\/\/yallafid.com\/index.php?rest_route=\/wp\/v2\/media\/2563"}],"wp:attachment":[{"href":"https:\/\/yallafid.com\/index.php?rest_route=%2Fwp%2Fv2%2Fmedia&parent=204"}],"wp:term":[{"taxonomy":"product_brand","embeddable":true,"href":"https:\/\/yallafid.com\/index.php?rest_route=%2Fwp%2Fv2%2Fproduct_brand&post=204"},{"taxonomy":"product_cat","embeddable":true,"href":"https:\/\/yallafid.com\/index.php?rest_route=%2Fwp%2Fv2%2Fproduct_cat&post=204"},{"taxonomy":"product_tag","embeddable":true,"href":"https:\/\/yallafid.com\/index.php?rest_route=%2Fwp%2Fv2%2Fproduct_tag&post=204"}],"curies":[{"name":"wp","href":"https:\/\/api.w.org\/{rel}","templated":true}]}}