{"id":255,"date":"2025-01-14T14:40:29","date_gmt":"2025-01-14T14:40:29","guid":{"rendered":"https:\/\/dummy.xtemos.com\/woodmart2\/marketplace2-elementor\/?post_type=product&#038;p=255"},"modified":"2025-10-23T15:19:25","modified_gmt":"2025-10-23T15:19:25","slug":"pico-neo-3-pro","status":"publish","type":"product","link":"https:\/\/yallafid.com\/?product=pico-neo-3-pro","title":{"rendered":"Machine \u00e0 caf\u00e9 Raf expresso italienne avec mousseur \u00e0 lait"},"content":{"rendered":"<h1 style=\"text-align: center;\"><strong><span dir=\"auto\" style=\"vertical-align: inherit;\"><span dir=\"auto\" style=\"vertical-align: inherit;\">\u00a0Machine \u00e0 expresso Coffee Italiano &#8211; Bureau -maison -en Acier Inoxydable avec mousseur de lait\u00a0<\/span><\/span><\/strong><\/h1>\n<h4><\/h4>\n<ul>\n<li><span dir=\"auto\" style=\"vertical-align: inherit;\"><span dir=\"auto\" style=\"vertical-align: inherit;\">\u00a0Machine \u00e0 expresso id\u00e9ale pour une utilisation \u00e0 la maison ou dans un petit bureau<\/span><\/span><\/li>\n<li><span dir=\"auto\" style=\"vertical-align: inherit;\"><span dir=\"auto\" style=\"vertical-align: inherit;\">Sa taille compacte garantit qu&rsquo;elle ne prendra pas beaucoup de place sur votre plan de travail<\/span><\/span><\/li>\n<\/ul>\n<p>&nbsp;<\/p>\n<p><img loading=\"lazy\" decoding=\"async\" class=\"aligncenter wp-image-2025 size-full\" src=\"https:\/\/yallafid.com\/wp-content\/uploads\/2025\/01\/machine-a-cafe-cuisne-bureau-maison-tunisie-yallafid-vente-en-ligne-tabarka.jpg\" alt=\"\" width=\"887\" height=\"887\" srcset=\"https:\/\/yallafid.com\/wp-content\/uploads\/2025\/01\/machine-a-cafe-cuisne-bureau-maison-tunisie-yallafid-vente-en-ligne-tabarka.jpg 887w, https:\/\/yallafid.com\/wp-content\/uploads\/2025\/01\/machine-a-cafe-cuisne-bureau-maison-tunisie-yallafid-vente-en-ligne-tabarka-300x300.jpg 300w, https:\/\/yallafid.com\/wp-content\/uploads\/2025\/01\/machine-a-cafe-cuisne-bureau-maison-tunisie-yallafid-vente-en-ligne-tabarka-150x150.jpg 150w, https:\/\/yallafid.com\/wp-content\/uploads\/2025\/01\/machine-a-cafe-cuisne-bureau-maison-tunisie-yallafid-vente-en-ligne-tabarka-768x768.jpg 768w, https:\/\/yallafid.com\/wp-content\/uploads\/2025\/01\/machine-a-cafe-cuisne-bureau-maison-tunisie-yallafid-vente-en-ligne-tabarka-600x600.jpg 600w\" sizes=\"auto, (max-width: 887px) 100vw, 887px\" \/><\/p>\n<ul>\n<li><span dir=\"auto\" style=\"vertical-align: inherit;\"><span dir=\"auto\" style=\"vertical-align: inherit;\">\u00a0la cafeti\u00e8re expresso 5 barres vous permet de d\u00e9couvrir les saveurs riches et robustes du caf\u00e9 \u00e0 la maison<\/span><\/span><\/li>\n<\/ul>\n<p>&nbsp;<\/p>\n<p><img loading=\"lazy\" decoding=\"async\" class=\"aligncenter wp-image-2027 size-full\" src=\"https:\/\/yallafid.com\/wp-content\/uploads\/2025\/01\/machine-a-cafe-cuisne-bureau-maison-tunisie-yallafid-vente-en-ligne-tabarka-nabel-sousse-jerba-ngafsa-gabes-2.jpg\" alt=\"\" width=\"800\" height=\"800\" srcset=\"https:\/\/yallafid.com\/wp-content\/uploads\/2025\/01\/machine-a-cafe-cuisne-bureau-maison-tunisie-yallafid-vente-en-ligne-tabarka-nabel-sousse-jerba-ngafsa-gabes-2.jpg 800w, https:\/\/yallafid.com\/wp-content\/uploads\/2025\/01\/machine-a-cafe-cuisne-bureau-maison-tunisie-yallafid-vente-en-ligne-tabarka-nabel-sousse-jerba-ngafsa-gabes-2-300x300.jpg 300w, https:\/\/yallafid.com\/wp-content\/uploads\/2025\/01\/machine-a-cafe-cuisne-bureau-maison-tunisie-yallafid-vente-en-ligne-tabarka-nabel-sousse-jerba-ngafsa-gabes-2-150x150.jpg 150w, https:\/\/yallafid.com\/wp-content\/uploads\/2025\/01\/machine-a-cafe-cuisne-bureau-maison-tunisie-yallafid-vente-en-ligne-tabarka-nabel-sousse-jerba-ngafsa-gabes-2-768x768.jpg 768w, https:\/\/yallafid.com\/wp-content\/uploads\/2025\/01\/machine-a-cafe-cuisne-bureau-maison-tunisie-yallafid-vente-en-ligne-tabarka-nabel-sousse-jerba-ngafsa-gabes-2-600x600.jpg 600w\" sizes=\"auto, (max-width: 800px) 100vw, 800px\" \/><\/p>\n<ul>\n<li><span dir=\"auto\" style=\"vertical-align: inherit;\"><span dir=\"auto\" style=\"vertical-align: inherit;\">\u00a0Machine \u00e0 cappuccino avec mousseur \u00e0 lait, savourez un caf\u00e9 d\u00e9licieusement cr\u00e9meux avec une mousse de lait finement textur\u00e9e gr\u00e2ce \u00e0 la fonction vapeur haute pression<\/span><\/span><\/li>\n<li><span dir=\"auto\" style=\"vertical-align: inherit;\"><span dir=\"auto\" style=\"vertical-align: inherit;\">La machine \u00e0 expresso et \u00e0 cappuccino choisit entre les modes enti\u00e8rement automatique ou semi-automatique selon vos pr\u00e9f\u00e9rences, rendant l&rsquo;utilisation simple et pratique<\/span><\/span><\/li>\n<\/ul>\n<p>&nbsp;<\/p>\n<p><img loading=\"lazy\" decoding=\"async\" class=\"aligncenter wp-image-2023 size-full\" src=\"https:\/\/yallafid.com\/wp-content\/uploads\/2025\/01\/machine-a-cafe-cuisne-bureau-maison-tunisie-yallafid-vente-en-ligne-tabarka-nabel-sousse-jerba-ngafsa-gabes.jpg\" alt=\"\" width=\"809\" height=\"809\" srcset=\"https:\/\/yallafid.com\/wp-content\/uploads\/2025\/01\/machine-a-cafe-cuisne-bureau-maison-tunisie-yallafid-vente-en-ligne-tabarka-nabel-sousse-jerba-ngafsa-gabes.jpg 809w, https:\/\/yallafid.com\/wp-content\/uploads\/2025\/01\/machine-a-cafe-cuisne-bureau-maison-tunisie-yallafid-vente-en-ligne-tabarka-nabel-sousse-jerba-ngafsa-gabes-300x300.jpg 300w, https:\/\/yallafid.com\/wp-content\/uploads\/2025\/01\/machine-a-cafe-cuisne-bureau-maison-tunisie-yallafid-vente-en-ligne-tabarka-nabel-sousse-jerba-ngafsa-gabes-150x150.jpg 150w, https:\/\/yallafid.com\/wp-content\/uploads\/2025\/01\/machine-a-cafe-cuisne-bureau-maison-tunisie-yallafid-vente-en-ligne-tabarka-nabel-sousse-jerba-ngafsa-gabes-768x768.jpg 768w, https:\/\/yallafid.com\/wp-content\/uploads\/2025\/01\/machine-a-cafe-cuisne-bureau-maison-tunisie-yallafid-vente-en-ligne-tabarka-nabel-sousse-jerba-ngafsa-gabes-600x600.jpg 600w\" sizes=\"auto, (max-width: 809px) 100vw, 809px\" \/><\/p>\n<ul>\n<li><span dir=\"auto\" style=\"vertical-align: inherit;\"><span dir=\"auto\" style=\"vertical-align: inherit;\">\u00a0Avec cuiseur vapeur am\u00e9liore l&rsquo;efficacit\u00e9 du lieu de travail en pr\u00e9parant rapidement un d\u00e9licieux caf\u00e9 pour vous et vos coll\u00e8gues, ce qui en fait un bon ajout \u00e0 tout environnement de bureau<\/span><\/span><\/li>\n<\/ul>\n<p>&nbsp;<\/p>\n<p>&nbsp;<\/p>\n<h4><\/h4>\n<h4><\/h4>\n<h4><\/h4>\n<h4><\/h4>\n<h4><\/h4>\n<h4><\/h4>\n<p>&nbsp;<\/p>\n<h4><\/h4>\n<h4><\/h4>\n<h4><span dir=\"auto\" style=\"vertical-align: inherit;\"><span dir=\"auto\" style=\"vertical-align: inherit;\"><span dir=\"auto\" style=\"vertical-align: inherit;\"><span dir=\"auto\" style=\"vertical-align: inherit;\">.<\/span><\/span><\/span><\/span><\/h4>\n<p>&nbsp;<\/p>\n<p>&nbsp;<\/p>\n<p>&nbsp;<\/p>\n<p>&nbsp;<\/p>\n<p>&nbsp;<\/p>\n<p>&nbsp;<\/p>\n<p>&nbsp;<\/p>\n<p>&nbsp;<\/p>\n<p>&nbsp;<\/p>\n<p>&nbsp;<\/p>\n<p>&nbsp;<\/p>\n<p>&nbsp;<\/p>\n","protected":false},"excerpt":{"rendered":"<ul>\n<li><strong>Type de machine<\/strong> :Machine \u00e0 caf\u00e9 Raf expresso<\/li>\n<li><strong>Puissance<\/strong> : 800 W<\/li>\n<li>Dot\u00e9e d&rsquo;une buse vapeur pour faire mousser le lait.<\/li>\n<li>Le corps est en plastique et en acier inoxydable.<\/li>\n<li>Elle est \u00e9quip\u00e9e d&rsquo;un r\u00e9servoir d&rsquo;eau d&rsquo;une capacit\u00e9 de 1,25 litre.<\/li>\n<li>Capacit\u00e9 de tasse\u00a0 : 240 ml<\/li>\n<li>Id\u00e9al pour une utilisation au bureau<\/li>\n<li>La pression de vapeur de 5 bars rend le go\u00fbt du caf\u00e9 plus parfum\u00e9<\/li>\n<\/ul>\n","protected":false},"featured_media":2024,"comment_status":"open","ping_status":"closed","template":"","meta":[],"product_brand":[67],"product_cat":[126,26],"product_tag":[],"class_list":{"0":"post-255","1":"product","2":"type-product","3":"status-publish","4":"has-post-thumbnail","6":"product_brand-dell","7":"product_cat-cafetieres-moulin-cafe","8":"product_cat-petit-electro","9":"product_shipping_class-livraison-7-tnd-fix","11":"first","12":"instock","13":"sale","14":"taxable","15":"shipping-taxable","16":"purchasable","17":"product-type-simple"},"jetpack_sharing_enabled":true,"_links":{"self":[{"href":"https:\/\/yallafid.com\/index.php?rest_route=\/wp\/v2\/product\/255","targetHints":{"allow":["GET"]}}],"collection":[{"href":"https:\/\/yallafid.com\/index.php?rest_route=\/wp\/v2\/product"}],"about":[{"href":"https:\/\/yallafid.com\/index.php?rest_route=\/wp\/v2\/types\/product"}],"replies":[{"embeddable":true,"href":"https:\/\/yallafid.com\/index.php?rest_route=%2Fwp%2Fv2%2Fcomments&post=255"}],"version-history":[{"count":3,"href":"https:\/\/yallafid.com\/index.php?rest_route=\/wp\/v2\/product\/255\/revisions"}],"predecessor-version":[{"id":2020,"href":"https:\/\/yallafid.com\/index.php?rest_route=\/wp\/v2\/product\/255\/revisions\/2020"}],"wp:featuredmedia":[{"embeddable":true,"href":"https:\/\/yallafid.com\/index.php?rest_route=\/wp\/v2\/media\/2024"}],"wp:attachment":[{"href":"https:\/\/yallafid.com\/index.php?rest_route=%2Fwp%2Fv2%2Fmedia&parent=255"}],"wp:term":[{"taxonomy":"product_brand","embeddable":true,"href":"https:\/\/yallafid.com\/index.php?rest_route=%2Fwp%2Fv2%2Fproduct_brand&post=255"},{"taxonomy":"product_cat","embeddable":true,"href":"https:\/\/yallafid.com\/index.php?rest_route=%2Fwp%2Fv2%2Fproduct_cat&post=255"},{"taxonomy":"product_tag","embeddable":true,"href":"https:\/\/yallafid.com\/index.php?rest_route=%2Fwp%2Fv2%2Fproduct_tag&post=255"}],"curies":[{"name":"wp","href":"https:\/\/api.w.org\/{rel}","templated":true}]}}