{"id":259,"date":"2025-01-14T14:40:29","date_gmt":"2025-01-14T14:40:29","guid":{"rendered":"https:\/\/dummy.xtemos.com\/woodmart2\/marketplace2-elementor\/?post_type=product&#038;p=259"},"modified":"2025-10-23T14:45:38","modified_gmt":"2025-10-23T14:45:38","slug":"bunny-quilted-growsuit","status":"publish","type":"product","link":"https:\/\/yallafid.com\/?product=bunny-quilted-growsuit","title":{"rendered":"Boucleur \u00e0 cheveux automatique en c\u00e9ramique"},"content":{"rendered":"<p>&nbsp;<\/p>\n<h1 style=\"text-align: center;\"><strong><span dir=\"auto\" style=\"vertical-align: inherit;\"><span dir=\"auto\" style=\"vertical-align: inherit;\"><span dir=\"auto\" style=\"vertical-align: inherit;\"><span dir=\"auto\" style=\"vertical-align: inherit;\"><span dir=\"auto\" style=\"vertical-align: inherit;\"><span dir=\"auto\" style=\"vertical-align: inherit;\">Fers \u00e0 frire rotatifs pour cheveux longs, bigoudi r\u00e9sistant \u00e0 360, rev\u00eatement c\u00e9ramique glace professionnel, outils chauds, fer \u00e0 frire<\/span><\/span><\/span><\/span><\/span><\/span><\/strong><\/h1>\n<ul>\n<li><span dir=\"auto\" style=\"vertical-align: inherit;\"><span dir=\"auto\" style=\"vertical-align: inherit;\"><span dir=\"auto\" style=\"vertical-align: inherit;\"><span dir=\"auto\" style=\"vertical-align: inherit;\"><span dir=\"auto\" style=\"vertical-align: inherit;\"><span dir=\"auto\" style=\"vertical-align: inherit;\">R\u00e9alisez des coiffures de qualit\u00e9 salon \u00e0 la maison avec notre bigoudi.<\/span><\/span><\/span><\/span><\/span><\/span><\/li>\n<li><span dir=\"auto\" style=\"vertical-align: inherit;\"><span dir=\"auto\" style=\"vertical-align: inherit;\"><span dir=\"auto\" style=\"vertical-align: inherit;\"><span dir=\"auto\" style=\"vertical-align: inherit;\"><span dir=\"auto\" style=\"vertical-align: inherit;\"><span dir=\"auto\" style=\"vertical-align: inherit;\">Cet outil polyvalent roule rapidement vos cheveux et dispose de plusieurs r\u00e9glages de chauffage pour une exp\u00e9rience personnalisable.<\/span><\/span><\/span><\/span><\/span><\/span><\/li>\n<li><span dir=\"auto\" style=\"vertical-align: inherit;\"><span dir=\"auto\" style=\"vertical-align: inherit;\"><span dir=\"auto\" style=\"vertical-align: inherit;\"><span dir=\"auto\" style=\"vertical-align: inherit;\"><span dir=\"auto\" style=\"vertical-align: inherit;\"><span dir=\"auto\" style=\"vertical-align: inherit;\">Parfait pour votre m\u00e8re, votre petite amie, votre femme ou toute personne qui veut \u00eatre \u00e0 son meilleur.<\/span><\/span><\/span><\/span><\/span><\/span><\/li>\n<li><span dir=\"auto\" style=\"vertical-align: inherit;\"><span dir=\"auto\" style=\"vertical-align: inherit;\"><span dir=\"auto\" style=\"vertical-align: inherit;\"><span dir=\"auto\" style=\"vertical-align: inherit;\"><span dir=\"auto\" style=\"vertical-align: inherit;\"><span dir=\"auto\" style=\"vertical-align: inherit;\">Cr\u00e9ez de belles vagues l\u00e2ches sans effort<\/span><\/span><\/span><\/span><\/span><\/span><\/li>\n<\/ul>\n<p><img loading=\"lazy\" decoding=\"async\" class=\"aligncenter wp-image-2005 size-full\" src=\"https:\/\/yallafid.com\/wp-content\/uploads\/2025\/01\/soin-cheveux-femme-yallafid-boucleur-cheveux-vente-en-ligne-tabarka-nabel-sousse-hammamet.jpg\" alt=\"\" width=\"972\" height=\"972\" srcset=\"https:\/\/yallafid.com\/wp-content\/uploads\/2025\/01\/soin-cheveux-femme-yallafid-boucleur-cheveux-vente-en-ligne-tabarka-nabel-sousse-hammamet.jpg 972w, https:\/\/yallafid.com\/wp-content\/uploads\/2025\/01\/soin-cheveux-femme-yallafid-boucleur-cheveux-vente-en-ligne-tabarka-nabel-sousse-hammamet-300x300.jpg 300w, https:\/\/yallafid.com\/wp-content\/uploads\/2025\/01\/soin-cheveux-femme-yallafid-boucleur-cheveux-vente-en-ligne-tabarka-nabel-sousse-hammamet-150x150.jpg 150w, https:\/\/yallafid.com\/wp-content\/uploads\/2025\/01\/soin-cheveux-femme-yallafid-boucleur-cheveux-vente-en-ligne-tabarka-nabel-sousse-hammamet-768x768.jpg 768w, https:\/\/yallafid.com\/wp-content\/uploads\/2025\/01\/soin-cheveux-femme-yallafid-boucleur-cheveux-vente-en-ligne-tabarka-nabel-sousse-hammamet-600x600.jpg 600w\" sizes=\"auto, (max-width: 972px) 100vw, 972px\" \/><\/p>\n<p>&nbsp;<\/p>\n<ul>\n<li><span dir=\"auto\" style=\"vertical-align: inherit;\"><span dir=\"auto\" style=\"vertical-align: inherit;\"><span dir=\"auto\" style=\"vertical-align: inherit;\"><span dir=\"auto\" style=\"vertical-align: inherit;\"><span dir=\"auto\" style=\"vertical-align: inherit;\"><span dir=\"auto\" style=\"vertical-align: inherit;\">Avec un affichage num\u00e9rique clair et un r\u00e9glage bidirectionnel de la temp\u00e9rature<\/span><\/span><\/span><\/span><\/span><\/span><\/li>\n<li><span dir=\"auto\" style=\"vertical-align: inherit;\"><span dir=\"auto\" style=\"vertical-align: inherit;\"><span dir=\"auto\" style=\"vertical-align: inherit;\"><span dir=\"auto\" style=\"vertical-align: inherit;\"><span dir=\"auto\" style=\"vertical-align: inherit;\"><span dir=\"auto\" style=\"vertical-align: inherit;\">Ce fer \u00e0 frire dispose de plusieurs r\u00e9glages de chaleur qui s&rsquo;adaptent aux cheveux longs et \u00e9pais.<\/span><\/span><\/span><\/span><\/span><\/span><\/li>\n<li><span dir=\"auto\" style=\"vertical-align: inherit;\"><span dir=\"auto\" style=\"vertical-align: inherit;\"><span dir=\"auto\" style=\"vertical-align: inherit;\"><span dir=\"auto\" style=\"vertical-align: inherit;\"><span dir=\"auto\" style=\"vertical-align: inherit;\"><span dir=\"auto\" style=\"vertical-align: inherit;\">Atteignez votre style d\u00e9sir\u00e9 sans effort et avec pr\u00e9cision, quel que soit votre type de cheveux.<\/span><\/span><\/span><\/span><\/span><\/span><\/li>\n<\/ul>\n<p><img loading=\"lazy\" decoding=\"async\" class=\"aligncenter wp-image-2007 size-full\" src=\"https:\/\/yallafid.com\/wp-content\/uploads\/2025\/01\/soin-cheveux-femme-yallafid-boucleur-cheveux-vente-en-ligne-tabarka-nabel.jpg\" alt=\"\" width=\"976\" height=\"976\" srcset=\"https:\/\/yallafid.com\/wp-content\/uploads\/2025\/01\/soin-cheveux-femme-yallafid-boucleur-cheveux-vente-en-ligne-tabarka-nabel.jpg 976w, https:\/\/yallafid.com\/wp-content\/uploads\/2025\/01\/soin-cheveux-femme-yallafid-boucleur-cheveux-vente-en-ligne-tabarka-nabel-300x300.jpg 300w, https:\/\/yallafid.com\/wp-content\/uploads\/2025\/01\/soin-cheveux-femme-yallafid-boucleur-cheveux-vente-en-ligne-tabarka-nabel-150x150.jpg 150w, https:\/\/yallafid.com\/wp-content\/uploads\/2025\/01\/soin-cheveux-femme-yallafid-boucleur-cheveux-vente-en-ligne-tabarka-nabel-768x768.jpg 768w, https:\/\/yallafid.com\/wp-content\/uploads\/2025\/01\/soin-cheveux-femme-yallafid-boucleur-cheveux-vente-en-ligne-tabarka-nabel-600x600.jpg 600w\" sizes=\"auto, (max-width: 976px) 100vw, 976px\" \/><\/p>\n<p>&nbsp;<\/p>\n<p>&nbsp;<\/p>\n<p>&nbsp;<\/p>\n<h4><\/h4>\n<p>&nbsp;<\/p>\n<p><a href=\"https:\/\/yallafid.com\/wp-content\/uploads\/2025\/01\/accessories-2.jpg\" data-width=\"220\" data-height=\"220\" data-index=\"2\" data-elementor-open-lightbox=\"no\"><br \/>\n<\/a><br \/>\n<a href=\"https:\/\/yallafid.com\/wp-content\/uploads\/2025\/01\/accessories-3.jpg\" data-width=\"220\" data-height=\"220\" data-index=\"3\" data-elementor-open-lightbox=\"no\"><br \/>\n<\/a><\/p>\n<p>&nbsp;<\/p>\n","protected":false},"excerpt":{"rendered":"<ul>\n<li><strong><span dir=\"auto\" style=\"vertical-align: inherit;\"><span dir=\"auto\" style=\"vertical-align: inherit;\"><span dir=\"auto\" style=\"vertical-align: inherit;\"><span dir=\"auto\" style=\"vertical-align: inherit;\"><span dir=\"auto\" style=\"vertical-align: inherit;\"><span dir=\"auto\" style=\"vertical-align: inherit;\">Nom du produit<\/span><\/span><\/span><\/span><\/span><\/span><\/strong><span dir=\"auto\" style=\"vertical-align: inherit;\"><span dir=\"auto\" style=\"vertical-align: inherit;\"><span dir=\"auto\" style=\"vertical-align: inherit;\"><span dir=\"auto\" style=\"vertical-align: inherit;\"><span dir=\"auto\" style=\"vertical-align: inherit;\"><span dir=\"auto\" style=\"vertical-align: inherit;\"> : fer \u00e0 frire automatique<\/span><\/span><\/span><\/span><\/span><\/span><\/li>\n<li><strong><span dir=\"auto\" style=\"vertical-align: inherit;\"><span dir=\"auto\" style=\"vertical-align: inherit;\"><span dir=\"auto\" style=\"vertical-align: inherit;\"><span dir=\"auto\" style=\"vertical-align: inherit;\"><span dir=\"auto\" style=\"vertical-align: inherit;\"><span dir=\"auto\" style=\"vertical-align: inherit;\">Tension nominale :<\/span><\/span><\/span><\/span><\/span><\/span><\/strong><span dir=\"auto\" style=\"vertical-align: inherit;\"><span dir=\"auto\" style=\"vertical-align: inherit;\"><span dir=\"auto\" style=\"vertical-align: inherit;\"><span dir=\"auto\" style=\"vertical-align: inherit;\"><span dir=\"auto\" style=\"vertical-align: inherit;\"><span dir=\"auto\" style=\"vertical-align: inherit;\"> 220 V<\/span><\/span><\/span><\/span><\/span><\/span><\/li>\n<li><strong><span dir=\"auto\" style=\"vertical-align: inherit;\"><span dir=\"auto\" style=\"vertical-align: inherit;\"><span dir=\"auto\" style=\"vertical-align: inherit;\"><span dir=\"auto\" style=\"vertical-align: inherit;\"><span dir=\"auto\" style=\"vertical-align: inherit;\"><span dir=\"auto\" style=\"vertical-align: inherit;\">Puissance nominale<\/span><\/span><\/span><\/span><\/span><\/span><\/strong><span dir=\"auto\" style=\"vertical-align: inherit;\"><span dir=\"auto\" style=\"vertical-align: inherit;\"><span dir=\"auto\" style=\"vertical-align: inherit;\"><span dir=\"auto\" style=\"vertical-align: inherit;\"><span dir=\"auto\" style=\"vertical-align: inherit;\"><span dir=\"auto\" style=\"vertical-align: inherit;\"> : 35 W<\/span><\/span><\/span><\/span><\/span><\/span><\/li>\n<li><span dir=\"auto\" style=\"vertical-align: inherit;\"><span dir=\"auto\" style=\"vertical-align: inherit;\"><span dir=\"auto\" style=\"vertical-align: inherit;\"><span dir=\"auto\" style=\"vertical-align: inherit;\"><span dir=\"auto\" style=\"vertical-align: inherit;\"><span dir=\"auto\" style=\"vertical-align: inherit;\">Cr\u00e9ez de belles vagues l\u00e2ches sans effort<\/span><\/span><\/span><\/span><\/span><\/span><\/li>\n<li><span dir=\"auto\" style=\"vertical-align: inherit;\"><span dir=\"auto\" style=\"vertical-align: inherit;\"><span dir=\"auto\" style=\"vertical-align: inherit;\"><span dir=\"auto\" style=\"vertical-align: inherit;\"><span dir=\"auto\" style=\"vertical-align: inherit;\"><span dir=\"auto\" style=\"vertical-align: inherit;\">Profitez de coiffures de qualit\u00e9 salon dans le confort de votre propre maison.<\/span><\/span><\/span><\/span><\/span><\/span><\/li>\n<\/ul>\n","protected":false},"featured_media":2003,"comment_status":"open","ping_status":"closed","template":"","meta":[],"product_brand":[],"product_cat":[34,182],"product_tag":[],"class_list":{"0":"post-259","1":"product","2":"type-product","3":"status-publish","4":"has-post-thumbnail","6":"product_cat-beaute-soins","7":"product_cat-boucleur","8":"product_shipping_class-livraison-7-tnd-fix","10":"first","11":"instock","12":"sale","13":"taxable","14":"shipping-taxable","15":"purchasable","16":"product-type-simple"},"jetpack_sharing_enabled":true,"_links":{"self":[{"href":"https:\/\/yallafid.com\/index.php?rest_route=\/wp\/v2\/product\/259","targetHints":{"allow":["GET"]}}],"collection":[{"href":"https:\/\/yallafid.com\/index.php?rest_route=\/wp\/v2\/product"}],"about":[{"href":"https:\/\/yallafid.com\/index.php?rest_route=\/wp\/v2\/types\/product"}],"replies":[{"embeddable":true,"href":"https:\/\/yallafid.com\/index.php?rest_route=%2Fwp%2Fv2%2Fcomments&post=259"}],"version-history":[{"count":5,"href":"https:\/\/yallafid.com\/index.php?rest_route=\/wp\/v2\/product\/259\/revisions"}],"predecessor-version":[{"id":2012,"href":"https:\/\/yallafid.com\/index.php?rest_route=\/wp\/v2\/product\/259\/revisions\/2012"}],"wp:featuredmedia":[{"embeddable":true,"href":"https:\/\/yallafid.com\/index.php?rest_route=\/wp\/v2\/media\/2003"}],"wp:attachment":[{"href":"https:\/\/yallafid.com\/index.php?rest_route=%2Fwp%2Fv2%2Fmedia&parent=259"}],"wp:term":[{"taxonomy":"product_brand","embeddable":true,"href":"https:\/\/yallafid.com\/index.php?rest_route=%2Fwp%2Fv2%2Fproduct_brand&post=259"},{"taxonomy":"product_cat","embeddable":true,"href":"https:\/\/yallafid.com\/index.php?rest_route=%2Fwp%2Fv2%2Fproduct_cat&post=259"},{"taxonomy":"product_tag","embeddable":true,"href":"https:\/\/yallafid.com\/index.php?rest_route=%2Fwp%2Fv2%2Fproduct_tag&post=259"}],"curies":[{"name":"wp","href":"https:\/\/api.w.org\/{rel}","templated":true}]}}