{"id":2671,"date":"2026-01-14T11:53:23","date_gmt":"2026-01-14T11:53:23","guid":{"rendered":"https:\/\/yallafid.com\/?post_type=product&#038;p=2671"},"modified":"2026-01-14T11:53:24","modified_gmt":"2026-01-14T11:53:24","slug":"2671","status":"publish","type":"product","link":"https:\/\/yallafid.com\/?product=2671","title":{"rendered":""},"content":{"rendered":"<h1 style=\"text-align: center;\"><strong>\u00a0Petit appareil photo porte-cl\u00e9s- collier -photo-vid\u00e9o<\/strong><\/h1>\n<ul>\n<li><strong>Style<\/strong> : Collier cam\u00e9ra mains libres Mini Life<\/li>\n<li><strong>Mat\u00e9riau du bo\u00eetier<\/strong> : ABS<\/li>\n<li><strong>Caract\u00e9ristiques<\/strong> : Enregistrement vid\u00e9o HD, photos 16 MP, stabilisation d\u2019image hybride, suivi de mouvement, mise au point automatique<\/li>\n<\/ul>\n<p><img loading=\"lazy\" decoding=\"async\" class=\"aligncenter wp-image-2677 size-full\" src=\"https:\/\/yallafid.com\/wp-content\/uploads\/2026\/01\/mini-camera-surveillance-yallafid-tunni-promo-tunisie-promotion-mini-life-camera-4.jpg\" alt=\"\" width=\"924\" height=\"924\" srcset=\"https:\/\/yallafid.com\/wp-content\/uploads\/2026\/01\/mini-camera-surveillance-yallafid-tunni-promo-tunisie-promotion-mini-life-camera-4.jpg 924w, https:\/\/yallafid.com\/wp-content\/uploads\/2026\/01\/mini-camera-surveillance-yallafid-tunni-promo-tunisie-promotion-mini-life-camera-4-300x300.jpg 300w, https:\/\/yallafid.com\/wp-content\/uploads\/2026\/01\/mini-camera-surveillance-yallafid-tunni-promo-tunisie-promotion-mini-life-camera-4-150x150.jpg 150w, https:\/\/yallafid.com\/wp-content\/uploads\/2026\/01\/mini-camera-surveillance-yallafid-tunni-promo-tunisie-promotion-mini-life-camera-4-768x768.jpg 768w, https:\/\/yallafid.com\/wp-content\/uploads\/2026\/01\/mini-camera-surveillance-yallafid-tunni-promo-tunisie-promotion-mini-life-camera-4-600x600.jpg 600w\" sizes=\"auto, (max-width: 924px) 100vw, 924px\" \/><\/p>\n<ul>\n<li><strong>Alimentation<\/strong> : Batterie rechargeable (200 mAh Lithium-Polym\u00e8re)<\/li>\n<li><strong>M\u00e9moire<\/strong> : Compatible avec les cartes SD (type m\u00e9moire flash)<\/li>\n<li><strong>Batterie :<\/strong> Lithium-ion polym\u00e8re, capacit\u00e9 : 200 mAh<\/li>\n<li><strong>Emplacement pour carte m\u00e9moire :<\/strong> 32 Go (extensible jusqu\u2019\u00e0 128 Go)<\/li>\n<li><strong>\u00c9cran<\/strong> : \u00c9cran couleur de 0,96 pouce<\/li>\n<\/ul>\n<p><img loading=\"lazy\" decoding=\"async\" class=\"aligncenter wp-image-2673 size-full\" src=\"https:\/\/yallafid.com\/wp-content\/uploads\/2026\/01\/mini-camera-surveillance-yallafid-vente-ramadan-tunni-tunisie-promotion-mini-life-camera-7.jpg\" alt=\"\" width=\"888\" height=\"888\" srcset=\"https:\/\/yallafid.com\/wp-content\/uploads\/2026\/01\/mini-camera-surveillance-yallafid-vente-ramadan-tunni-tunisie-promotion-mini-life-camera-7.jpg 888w, https:\/\/yallafid.com\/wp-content\/uploads\/2026\/01\/mini-camera-surveillance-yallafid-vente-ramadan-tunni-tunisie-promotion-mini-life-camera-7-300x300.jpg 300w, https:\/\/yallafid.com\/wp-content\/uploads\/2026\/01\/mini-camera-surveillance-yallafid-vente-ramadan-tunni-tunisie-promotion-mini-life-camera-7-150x150.jpg 150w, https:\/\/yallafid.com\/wp-content\/uploads\/2026\/01\/mini-camera-surveillance-yallafid-vente-ramadan-tunni-tunisie-promotion-mini-life-camera-7-768x768.jpg 768w, https:\/\/yallafid.com\/wp-content\/uploads\/2026\/01\/mini-camera-surveillance-yallafid-vente-ramadan-tunni-tunisie-promotion-mini-life-camera-7-600x600.jpg 600w\" sizes=\"auto, (max-width: 888px) 100vw, 888px\" \/><\/p>\n<ul>\n<li><strong>R\u00e9solution vid\u00e9o :<\/strong><br \/>\nR\u00e9solution photo : JPG 2 MP<br \/>\nFormat vid\u00e9o : AVI<br \/>\nAngle de vue : 60\u00b0<br \/>\n<strong>Filtres :<\/strong> 3 filtres inclus (film, r\u00e9tro, noir et blanc)<br \/>\n<strong>Enregistrement<\/strong> : 3 minutes (standard)<br \/>\nOTG et alimentation : USB-C<br \/>\nDimensions : 3,51 x 2,49 x 2,01 cm<\/li>\n<\/ul>\n","protected":false},"excerpt":{"rendered":"<ul>\n<li><strong>Type d&rsquo;article<\/strong> : Mini appareil photo<\/li>\n<li><strong>Mat\u00e9riau<\/strong> : ABS<\/li>\n<li><strong>Batterie<\/strong> : Batterie Li-polym\u00e8re int\u00e9gr\u00e9e, capacit\u00e9 : 200 mAh<\/li>\n<li><strong>R\u00e9solution photo<\/strong> : JPG 2 M<\/li>\n<li><strong>Format vid\u00e9o<\/strong> : AVI<\/li>\n<li><strong>Angle de vue<\/strong> : 60\u00b0<\/li>\n<li><strong>Filtres :<\/strong> 3 filtres inclus (Film, R\u00e9tro, Noir et Blanc)<\/li>\n<li><strong>Enregistrement en boucle<\/strong> : 3 minutes par d\u00e9faut<\/li>\n<li><strong>OTG et alimentation<\/strong> : Type C<\/li>\n<li><strong>Dimensions<\/strong> : 3,51 x 2,49 x 2,01 cm<\/li>\n<li><strong>Utilisation<\/strong> :Sortez l&rsquo;appareil photo de son emballage et allumez-le pour la premi\u00e8re utilisation.<strong>Contenu de l&#8217;emballage :<\/strong><br \/>\n1 x Appareil photo num\u00e9rique<br \/>\n1 x Crochet<br \/>\n1 x Cha\u00eene<br \/>\n1 x Manuel d&rsquo;utilisation<\/li>\n<\/ul>\n","protected":false},"featured_media":2674,"comment_status":"open","ping_status":"closed","template":"","meta":[],"product_brand":[],"product_cat":[149,89],"product_tag":[],"class_list":{"0":"post-2671","1":"product","2":"type-product","3":"status-publish","4":"has-post-thumbnail","6":"product_cat-camera-surveillance","7":"product_cat-securite","8":"product_shipping_class-livraison-7-tnd-fix","10":"first","11":"instock","12":"sale","13":"taxable","14":"shipping-taxable","15":"purchasable","16":"product-type-simple"},"jetpack_sharing_enabled":true,"_links":{"self":[{"href":"https:\/\/yallafid.com\/index.php?rest_route=\/wp\/v2\/product\/2671","targetHints":{"allow":["GET"]}}],"collection":[{"href":"https:\/\/yallafid.com\/index.php?rest_route=\/wp\/v2\/product"}],"about":[{"href":"https:\/\/yallafid.com\/index.php?rest_route=\/wp\/v2\/types\/product"}],"replies":[{"embeddable":true,"href":"https:\/\/yallafid.com\/index.php?rest_route=%2Fwp%2Fv2%2Fcomments&post=2671"}],"version-history":[{"count":1,"href":"https:\/\/yallafid.com\/index.php?rest_route=\/wp\/v2\/product\/2671\/revisions"}],"predecessor-version":[{"id":2679,"href":"https:\/\/yallafid.com\/index.php?rest_route=\/wp\/v2\/product\/2671\/revisions\/2679"}],"wp:featuredmedia":[{"embeddable":true,"href":"https:\/\/yallafid.com\/index.php?rest_route=\/wp\/v2\/media\/2674"}],"wp:attachment":[{"href":"https:\/\/yallafid.com\/index.php?rest_route=%2Fwp%2Fv2%2Fmedia&parent=2671"}],"wp:term":[{"taxonomy":"product_brand","embeddable":true,"href":"https:\/\/yallafid.com\/index.php?rest_route=%2Fwp%2Fv2%2Fproduct_brand&post=2671"},{"taxonomy":"product_cat","embeddable":true,"href":"https:\/\/yallafid.com\/index.php?rest_route=%2Fwp%2Fv2%2Fproduct_cat&post=2671"},{"taxonomy":"product_tag","embeddable":true,"href":"https:\/\/yallafid.com\/index.php?rest_route=%2Fwp%2Fv2%2Fproduct_tag&post=2671"}],"curies":[{"name":"wp","href":"https:\/\/api.w.org\/{rel}","templated":true}]}}