{"id":2750,"date":"2026-01-14T15:08:30","date_gmt":"2026-01-14T15:08:30","guid":{"rendered":"https:\/\/yallafid.com\/?post_type=product&#038;p=2750"},"modified":"2026-01-14T15:08:30","modified_gmt":"2026-01-14T15:08:30","slug":"diffuseur-dhuiles-essentielles-flame","status":"publish","type":"product","link":"https:\/\/yallafid.com\/?product=diffuseur-dhuiles-essentielles-flame","title":{"rendered":"Diffuseur d\u2019Huiles Essentielles Flame"},"content":{"rendered":"<h2 style=\"text-align: center;\"><strong>Diffuseur d&rsquo;ar\u00f4mes et humidificateur d&rsquo;air portable avec un effet de flamme simul\u00e9e<\/strong><\/h2>\n<p>&nbsp;<\/p>\n<p>Offrez \u00e0 votre espace une ambiance zen et apaisante gr\u00e2ce au Diffuseur d\u2019huiles essentielles Flame. Cet humidificateur d\u2019ar\u00f4mes multifonctionnel de 180l combine parfaitement bien-\u00eatre, d\u00e9coration et confort quotidien. Son effet flamme r\u00e9aliste cr\u00e9e une atmosph\u00e8re chaleureuse, id\u00e9ale pour la d\u00e9tente apr\u00e8s une longue journ\u00e9e.<\/p>\n<p>&nbsp;<\/p>\n<p><img loading=\"lazy\" decoding=\"async\" class=\"aligncenter wp-image-2755 size-full\" src=\"https:\/\/yallafid.com\/wp-content\/uploads\/2026\/01\/Diffuseur-dHuiles-Essentielles-Flame-promotion-decora-maison-bureau-yallafid.jpg\" alt=\"\" width=\"810\" height=\"810\" srcset=\"https:\/\/yallafid.com\/wp-content\/uploads\/2026\/01\/Diffuseur-dHuiles-Essentielles-Flame-promotion-decora-maison-bureau-yallafid.jpg 810w, https:\/\/yallafid.com\/wp-content\/uploads\/2026\/01\/Diffuseur-dHuiles-Essentielles-Flame-promotion-decora-maison-bureau-yallafid-300x300.jpg 300w, https:\/\/yallafid.com\/wp-content\/uploads\/2026\/01\/Diffuseur-dHuiles-Essentielles-Flame-promotion-decora-maison-bureau-yallafid-150x150.jpg 150w, https:\/\/yallafid.com\/wp-content\/uploads\/2026\/01\/Diffuseur-dHuiles-Essentielles-Flame-promotion-decora-maison-bureau-yallafid-768x768.jpg 768w, https:\/\/yallafid.com\/wp-content\/uploads\/2026\/01\/Diffuseur-dHuiles-Essentielles-Flame-promotion-decora-maison-bureau-yallafid-600x600.jpg 600w\" sizes=\"auto, (max-width: 810px) 100vw, 810px\" \/><\/p>\n<p>&nbsp;<\/p>\n<ul>\n<li><strong>Technologie<\/strong> : Utilise la technologie LED pour un effet visuel de flamme r\u00e9aliste et un n\u00e9buliseur \u00e0 ultrasons pour cr\u00e9er une brume.<\/li>\n<li><strong>Fonctions :<\/strong> Combine les fonctions d&rsquo;un diffuseur d&rsquo;ar\u00f4mes, d&rsquo;un humidificateur d&rsquo;air et d&rsquo;une veilleuse.<\/li>\n<li><strong>Capacit\u00e9<\/strong> :\u00a0 180 ml pour une diffusion durable.<\/li>\n<li><strong>Caract\u00e9ristiques<\/strong> : Fonctionnement silencieux et protection d&rsquo;arr\u00eat automatique en cas de manque d&rsquo;eau.<\/li>\n<\/ul>\n","protected":false},"excerpt":{"rendered":"<ul>\n<li>3-en-1 : diffuseur, humidificateur et veilleuse \u00e0 effet flamme<\/li>\n<li>R\u00e9servoir de 180 ml<\/li>\n<li>Compatible avec toutes les huiles essentielles<\/li>\n<li>Am\u00e9liore la qualit\u00e9 de l\u2019air et \u00e9vite la s\u00e9cheresse<\/li>\n<li>Lumi\u00e8re d\u2019ambiance r\u00e9aliste effet \u201cflamme\u201d<\/li>\n<\/ul>\n","protected":false},"featured_media":2756,"comment_status":"open","ping_status":"closed","template":"","meta":[],"product_brand":[],"product_cat":[193,45],"product_tag":[],"class_list":{"0":"post-2750","1":"product","2":"type-product","3":"status-publish","4":"has-post-thumbnail","6":"product_cat-diffuseurs","7":"product_cat-maison-deco","8":"product_shipping_class-livraison-7-tnd-fix","10":"first","11":"instock","12":"sale","13":"taxable","14":"shipping-taxable","15":"purchasable","16":"product-type-variable"},"jetpack_sharing_enabled":true,"_links":{"self":[{"href":"https:\/\/yallafid.com\/index.php?rest_route=\/wp\/v2\/product\/2750","targetHints":{"allow":["GET"]}}],"collection":[{"href":"https:\/\/yallafid.com\/index.php?rest_route=\/wp\/v2\/product"}],"about":[{"href":"https:\/\/yallafid.com\/index.php?rest_route=\/wp\/v2\/types\/product"}],"replies":[{"embeddable":true,"href":"https:\/\/yallafid.com\/index.php?rest_route=%2Fwp%2Fv2%2Fcomments&post=2750"}],"version-history":[{"count":1,"href":"https:\/\/yallafid.com\/index.php?rest_route=\/wp\/v2\/product\/2750\/revisions"}],"predecessor-version":[{"id":2759,"href":"https:\/\/yallafid.com\/index.php?rest_route=\/wp\/v2\/product\/2750\/revisions\/2759"}],"wp:featuredmedia":[{"embeddable":true,"href":"https:\/\/yallafid.com\/index.php?rest_route=\/wp\/v2\/media\/2756"}],"wp:attachment":[{"href":"https:\/\/yallafid.com\/index.php?rest_route=%2Fwp%2Fv2%2Fmedia&parent=2750"}],"wp:term":[{"taxonomy":"product_brand","embeddable":true,"href":"https:\/\/yallafid.com\/index.php?rest_route=%2Fwp%2Fv2%2Fproduct_brand&post=2750"},{"taxonomy":"product_cat","embeddable":true,"href":"https:\/\/yallafid.com\/index.php?rest_route=%2Fwp%2Fv2%2Fproduct_cat&post=2750"},{"taxonomy":"product_tag","embeddable":true,"href":"https:\/\/yallafid.com\/index.php?rest_route=%2Fwp%2Fv2%2Fproduct_tag&post=2750"}],"curies":[{"name":"wp","href":"https:\/\/api.w.org\/{rel}","templated":true}]}}