{"id":2860,"date":"2026-01-15T11:29:15","date_gmt":"2026-01-15T11:29:15","guid":{"rendered":"https:\/\/yallafid.com\/?post_type=product&#038;p=2860"},"modified":"2026-01-15T11:29:15","modified_gmt":"2026-01-15T11:29:15","slug":"bande-lumineuse-pour-tv-led-24","status":"publish","type":"product","link":"https:\/\/yallafid.com\/?product=bande-lumineuse-pour-tv-led-24","title":{"rendered":"Bande lumineuse pour TV LED 24"},"content":{"rendered":"<h2 style=\"text-align: center;\"><strong>Bande lumineuse pour TV LED 24 couleurs diff\u00e9rentes<\/strong><\/h2>\n<h2 style=\"text-align: center;\"><strong>D\u00e9coration arri\u00e8re t\u00e9l\u00e9vision -sous lit\u00a0<\/strong><\/h2>\n<ul>\n<li>La technologie LED est une excellente alli\u00e9e pour r\u00e9duire la consommation d\u2019\u00e9nergie.<\/li>\n<li>C\u2019est un luminaire qui ouvre de multiples possibilit\u00e9s pour d\u00e9corer chaque coin de votre maison .<\/li>\n<li>Gr\u00e2ce \u00e0 sa flexibilit\u00e9, vous aurez la possibilit\u00e9 de l\u2019adapter \u00e0 diff\u00e9rents reliefs et petits espaces comme les coins et les plinthes.<\/li>\n<\/ul>\n<p><img loading=\"lazy\" decoding=\"async\" class=\"aligncenter wp-image-2864 size-full\" src=\"https:\/\/yallafid.com\/wp-content\/uploads\/2026\/01\/Bande-lumineuse-TV-LED-24-couleurs-differentes-promotion-tunisie-yallafid-cosmos-1-1.png\" alt=\"\" width=\"841\" height=\"841\" srcset=\"https:\/\/yallafid.com\/wp-content\/uploads\/2026\/01\/Bande-lumineuse-TV-LED-24-couleurs-differentes-promotion-tunisie-yallafid-cosmos-1-1.png 841w, https:\/\/yallafid.com\/wp-content\/uploads\/2026\/01\/Bande-lumineuse-TV-LED-24-couleurs-differentes-promotion-tunisie-yallafid-cosmos-1-1-300x300.png 300w, https:\/\/yallafid.com\/wp-content\/uploads\/2026\/01\/Bande-lumineuse-TV-LED-24-couleurs-differentes-promotion-tunisie-yallafid-cosmos-1-1-150x150.png 150w, https:\/\/yallafid.com\/wp-content\/uploads\/2026\/01\/Bande-lumineuse-TV-LED-24-couleurs-differentes-promotion-tunisie-yallafid-cosmos-1-1-768x768.png 768w, https:\/\/yallafid.com\/wp-content\/uploads\/2026\/01\/Bande-lumineuse-TV-LED-24-couleurs-differentes-promotion-tunisie-yallafid-cosmos-1-1-600x600.png 600w\" sizes=\"auto, (max-width: 841px) 100vw, 841px\" \/><\/p>\n<ul>\n<li>Style et innovation par leur protection IP20, ces luminaires sont con\u00e7us pour \u00eatre utilis\u00e9s en int\u00e9rieur. Vous pouvez d\u00e9corer votre maison, votre bureau, ou votre entreprise comme vous le souhaitez.<\/li>\n<\/ul>\n<p><img loading=\"lazy\" decoding=\"async\" class=\"aligncenter wp-image-2861 size-full\" src=\"https:\/\/yallafid.com\/wp-content\/uploads\/2026\/01\/Bande-lumineuse-TV-LED-24-couleurs-differentes-promotion-tunisie-yallafid-cosmos.png\" alt=\"\" width=\"819\" height=\"820\" srcset=\"https:\/\/yallafid.com\/wp-content\/uploads\/2026\/01\/Bande-lumineuse-TV-LED-24-couleurs-differentes-promotion-tunisie-yallafid-cosmos.png 819w, https:\/\/yallafid.com\/wp-content\/uploads\/2026\/01\/Bande-lumineuse-TV-LED-24-couleurs-differentes-promotion-tunisie-yallafid-cosmos-300x300.png 300w, https:\/\/yallafid.com\/wp-content\/uploads\/2026\/01\/Bande-lumineuse-TV-LED-24-couleurs-differentes-promotion-tunisie-yallafid-cosmos-150x150.png 150w, https:\/\/yallafid.com\/wp-content\/uploads\/2026\/01\/Bande-lumineuse-TV-LED-24-couleurs-differentes-promotion-tunisie-yallafid-cosmos-768x769.png 768w, https:\/\/yallafid.com\/wp-content\/uploads\/2026\/01\/Bande-lumineuse-TV-LED-24-couleurs-differentes-promotion-tunisie-yallafid-cosmos-600x600.png 600w\" sizes=\"auto, (max-width: 819px) 100vw, 819px\" \/><\/p>\n","protected":false},"excerpt":{"rendered":"<ul>\n<li><strong>Longueur de la bande LED<\/strong> : 5 m\u00e8tres<\/li>\n<li><strong>Couleur de la lumi\u00e8re<\/strong> : RGB<\/li>\n<li><strong>T\u00e9l\u00e9commande<\/strong> : 24 cl\u00e9s\/44key sans fil t\u00e9l\u00e9commande<\/li>\n<li>Contr\u00f4leur Bluetooth + T\u00e9l\u00e9commande infrarouge<\/li>\n<\/ul>\n","protected":false},"featured_media":2862,"comment_status":"open","ping_status":"closed","template":"","meta":[],"product_brand":[],"product_cat":[46,45,195],"product_tag":[],"class_list":{"0":"post-2860","1":"product","2":"type-product","3":"status-publish","4":"has-post-thumbnail","6":"product_cat-decoration","7":"product_cat-maison-deco","8":"product_cat-ruban-led","9":"product_shipping_class-livraison-7-tnd-fix","11":"first","12":"instock","13":"sale","14":"taxable","15":"shipping-taxable","16":"purchasable","17":"product-type-simple"},"jetpack_sharing_enabled":true,"_links":{"self":[{"href":"https:\/\/yallafid.com\/index.php?rest_route=\/wp\/v2\/product\/2860","targetHints":{"allow":["GET"]}}],"collection":[{"href":"https:\/\/yallafid.com\/index.php?rest_route=\/wp\/v2\/product"}],"about":[{"href":"https:\/\/yallafid.com\/index.php?rest_route=\/wp\/v2\/types\/product"}],"replies":[{"embeddable":true,"href":"https:\/\/yallafid.com\/index.php?rest_route=%2Fwp%2Fv2%2Fcomments&post=2860"}],"version-history":[{"count":2,"href":"https:\/\/yallafid.com\/index.php?rest_route=\/wp\/v2\/product\/2860\/revisions"}],"predecessor-version":[{"id":2866,"href":"https:\/\/yallafid.com\/index.php?rest_route=\/wp\/v2\/product\/2860\/revisions\/2866"}],"wp:featuredmedia":[{"embeddable":true,"href":"https:\/\/yallafid.com\/index.php?rest_route=\/wp\/v2\/media\/2862"}],"wp:attachment":[{"href":"https:\/\/yallafid.com\/index.php?rest_route=%2Fwp%2Fv2%2Fmedia&parent=2860"}],"wp:term":[{"taxonomy":"product_brand","embeddable":true,"href":"https:\/\/yallafid.com\/index.php?rest_route=%2Fwp%2Fv2%2Fproduct_brand&post=2860"},{"taxonomy":"product_cat","embeddable":true,"href":"https:\/\/yallafid.com\/index.php?rest_route=%2Fwp%2Fv2%2Fproduct_cat&post=2860"},{"taxonomy":"product_tag","embeddable":true,"href":"https:\/\/yallafid.com\/index.php?rest_route=%2Fwp%2Fv2%2Fproduct_tag&post=2860"}],"curies":[{"name":"wp","href":"https:\/\/api.w.org\/{rel}","templated":true}]}}