{"id":2987,"date":"2026-01-15T16:09:23","date_gmt":"2026-01-15T16:09:23","guid":{"rendered":"https:\/\/yallafid.com\/?post_type=product&#038;p=2987"},"modified":"2026-01-15T16:11:22","modified_gmt":"2026-01-15T16:11:22","slug":"lot-de-10-crochets-transparent-auto-adhesifs","status":"publish","type":"product","link":"https:\/\/yallafid.com\/?product=lot-de-10-crochets-transparent-auto-adhesifs","title":{"rendered":"Lot de 10 Crochets Transparent Auto-Adh\u00e9sifs"},"content":{"rendered":"<p style=\"text-align: center;\"><strong>Crochets muraux auto-adh\u00e9sifs<\/strong><\/p>\n<p>&nbsp;<\/p>\n<ul>\n<li style=\"text-align: left;\"><strong>Mat\u00e9riau<\/strong> : PVC + Acier inoxydable<\/li>\n<li style=\"text-align: left;\"><strong>Capacit\u00e9 de charge<\/strong> : Jusqu\u2019\u00e0 5 kg<\/li>\n<li style=\"text-align: left;\"><strong>Dimensions<\/strong> : 6 x 6 cm<\/li>\n<li style=\"text-align: left;\"><strong>Couleur :<\/strong> Transparent<\/li>\n<li style=\"text-align: left;\"><strong>Caract\u00e9ristiques<\/strong> : \u00c9tanche, r\u00e9sistant \u00e0 l\u2019huile, r\u00e9utilisable, ne laisse aucune trace au retrait<\/li>\n<li style=\"text-align: left;\"><strong>Compatibilit\u00e9<\/strong> : Verre, carrelage, c\u00e9ramique, m\u00e9tal lisse, bois peint, r\u00e9frig\u00e9rateur<\/li>\n<li style=\"text-align: left;\"><strong>Utilisation<\/strong> : Cuisine, salle de bain, chambre, bureau<\/li>\n<\/ul>\n<p><img loading=\"lazy\" decoding=\"async\" class=\"aligncenter wp-image-2982 size-full\" src=\"https:\/\/yallafid.com\/wp-content\/uploads\/2026\/01\/Lot-20-Crochets-Muraux-Auto-Adhesifs-Transparents-yallafid-prootion-tunisie-.jpg\" alt=\"\" width=\"864\" height=\"864\" srcset=\"https:\/\/yallafid.com\/wp-content\/uploads\/2026\/01\/Lot-20-Crochets-Muraux-Auto-Adhesifs-Transparents-yallafid-prootion-tunisie-.jpg 864w, https:\/\/yallafid.com\/wp-content\/uploads\/2026\/01\/Lot-20-Crochets-Muraux-Auto-Adhesifs-Transparents-yallafid-prootion-tunisie--300x300.jpg 300w, https:\/\/yallafid.com\/wp-content\/uploads\/2026\/01\/Lot-20-Crochets-Muraux-Auto-Adhesifs-Transparents-yallafid-prootion-tunisie--150x150.jpg 150w, https:\/\/yallafid.com\/wp-content\/uploads\/2026\/01\/Lot-20-Crochets-Muraux-Auto-Adhesifs-Transparents-yallafid-prootion-tunisie--768x768.jpg 768w, https:\/\/yallafid.com\/wp-content\/uploads\/2026\/01\/Lot-20-Crochets-Muraux-Auto-Adhesifs-Transparents-yallafid-prootion-tunisie--600x600.jpg 600w\" sizes=\"auto, (max-width: 864px) 100vw, 864px\" \/><\/p>\n","protected":false},"excerpt":{"rendered":"<ul>\n<li><strong>Mat\u00e9riau<\/strong> : PVC + Acier inoxydable<\/li>\n<li><strong>Capacit\u00e9 de charge<\/strong> : Jusqu\u2019\u00e0 5 kg<\/li>\n<li><strong>Dimensions<\/strong> : 6 x 6 cm<\/li>\n<li><strong>Couleur<\/strong> : Transparent<\/li>\n<li><strong>Caract\u00e9ristiques<\/strong> : \u00c9tanche, r\u00e9sistant \u00e0 l\u2019huile, r\u00e9utilisable<\/li>\n<li>Ne laisse aucune trace au retrait<\/li>\n<li><strong>Compatibilit\u00e9<\/strong> : Verre, carrelage, c\u00e9ramique, m\u00e9tal lisse, bois peint, r\u00e9frig\u00e9rateur<\/li>\n<li><strong>Utilisation<\/strong> : Cuisine, salle de bain, chambre, bureau<\/li>\n<\/ul>\n","protected":false},"featured_media":2988,"comment_status":"open","ping_status":"closed","template":"","meta":[],"product_brand":[],"product_cat":[20,25],"product_tag":[],"class_list":{"0":"post-2987","1":"product","2":"type-product","3":"status-publish","4":"has-post-thumbnail","6":"product_cat-cuisine","7":"product_cat-rangement-cuisine","8":"product_shipping_class-livraison-7-tnd-fix","10":"first","11":"instock","12":"sale","13":"taxable","14":"shipping-taxable","15":"purchasable","16":"product-type-simple"},"jetpack_sharing_enabled":true,"_links":{"self":[{"href":"https:\/\/yallafid.com\/index.php?rest_route=\/wp\/v2\/product\/2987","targetHints":{"allow":["GET"]}}],"collection":[{"href":"https:\/\/yallafid.com\/index.php?rest_route=\/wp\/v2\/product"}],"about":[{"href":"https:\/\/yallafid.com\/index.php?rest_route=\/wp\/v2\/types\/product"}],"replies":[{"embeddable":true,"href":"https:\/\/yallafid.com\/index.php?rest_route=%2Fwp%2Fv2%2Fcomments&post=2987"}],"version-history":[{"count":2,"href":"https:\/\/yallafid.com\/index.php?rest_route=\/wp\/v2\/product\/2987\/revisions"}],"predecessor-version":[{"id":2995,"href":"https:\/\/yallafid.com\/index.php?rest_route=\/wp\/v2\/product\/2987\/revisions\/2995"}],"wp:featuredmedia":[{"embeddable":true,"href":"https:\/\/yallafid.com\/index.php?rest_route=\/wp\/v2\/media\/2988"}],"wp:attachment":[{"href":"https:\/\/yallafid.com\/index.php?rest_route=%2Fwp%2Fv2%2Fmedia&parent=2987"}],"wp:term":[{"taxonomy":"product_brand","embeddable":true,"href":"https:\/\/yallafid.com\/index.php?rest_route=%2Fwp%2Fv2%2Fproduct_brand&post=2987"},{"taxonomy":"product_cat","embeddable":true,"href":"https:\/\/yallafid.com\/index.php?rest_route=%2Fwp%2Fv2%2Fproduct_cat&post=2987"},{"taxonomy":"product_tag","embeddable":true,"href":"https:\/\/yallafid.com\/index.php?rest_route=%2Fwp%2Fv2%2Fproduct_tag&post=2987"}],"curies":[{"name":"wp","href":"https:\/\/api.w.org\/{rel}","templated":true}]}}