{"id":3251,"date":"2026-01-17T16:13:02","date_gmt":"2026-01-17T16:13:02","guid":{"rendered":"https:\/\/yallafid.com\/?post_type=product&#038;p=3251"},"modified":"2026-01-17T16:16:30","modified_gmt":"2026-01-17T16:16:30","slug":"nettoyeur-de-vitre-double-face","status":"publish","type":"product","link":"https:\/\/yallafid.com\/?product=nettoyeur-de-vitre-double-face","title":{"rendered":"Nettoyeur de vitre double face"},"content":{"rendered":"<p style=\"text-align: center;\"><strong>Nettoyeur de vitres magn\u00e9tique double face, un outil con\u00e7u pour nettoyer simultan\u00e9ment l&rsquo;int\u00e9rieur et l&rsquo;ext\u00e9rieur des fen\u00eatres.<\/strong><br \/>\n<img loading=\"lazy\" decoding=\"async\" class=\"aligncenter wp-image-3254 size-full\" src=\"https:\/\/yallafid.com\/wp-content\/uploads\/2026\/01\/nettoyant-vitre-double-face-yallafid-tunisie-promotion-decoration-maison-produit-2.jpg\" alt=\"\" width=\"800\" height=\"800\" srcset=\"https:\/\/yallafid.com\/wp-content\/uploads\/2026\/01\/nettoyant-vitre-double-face-yallafid-tunisie-promotion-decoration-maison-produit-2.jpg 800w, https:\/\/yallafid.com\/wp-content\/uploads\/2026\/01\/nettoyant-vitre-double-face-yallafid-tunisie-promotion-decoration-maison-produit-2-300x300.jpg 300w, https:\/\/yallafid.com\/wp-content\/uploads\/2026\/01\/nettoyant-vitre-double-face-yallafid-tunisie-promotion-decoration-maison-produit-2-150x150.jpg 150w, https:\/\/yallafid.com\/wp-content\/uploads\/2026\/01\/nettoyant-vitre-double-face-yallafid-tunisie-promotion-decoration-maison-produit-2-768x768.jpg 768w, https:\/\/yallafid.com\/wp-content\/uploads\/2026\/01\/nettoyant-vitre-double-face-yallafid-tunisie-promotion-decoration-maison-produit-2-600x600.jpg 600w\" sizes=\"auto, (max-width: 800px) 100vw, 800px\" \/><\/p>\n","protected":false},"excerpt":{"rendered":"<ul>\n<li><strong>Design Triangulaire<\/strong> : Permet d&rsquo;atteindre facilement les coins et les zones difficiles d&rsquo;acc\u00e8s.<\/li>\n<li><span data-huuid=\"9446096677210666783\"><span data-huuid=\"9446096677210666783\"><strong>S\u00e9curit\u00e9 :<\/strong>\u00a0\u00c9quip\u00e9 d&rsquo;une corde de s\u00e9curit\u00e9 pour \u00e9viter que la partie ext\u00e9rieure ne tombe. <\/span><\/span><\/li>\n<li><strong>Nettoyage Efficace :<\/strong>\u00a0Comprend des tampons en microfibre pour nettoyer et des raclettes int\u00e9gr\u00e9es pour s\u00e9cher.<span class=\"pjBG2e\" data-cid=\"e45f4225-aeac-458c-9db5-e88e07e68d69\"><span class=\"UV3uM\">\u00a0<\/span><\/span><\/li>\n<li><strong>Syst\u00e8me Magn\u00e9tique<\/strong> : Des aimants puissants maintiennent les deux parties ensemble \u00e0 travers le verre.<\/li>\n<\/ul>\n","protected":false},"featured_media":3258,"comment_status":"open","ping_status":"closed","template":"","meta":[],"product_brand":[],"product_cat":[45,21],"product_tag":[],"class_list":{"0":"post-3251","1":"product","2":"type-product","3":"status-publish","4":"has-post-thumbnail","6":"product_cat-maison-deco","7":"product_cat-pdts-nettoyage-outils","8":"product_shipping_class-livraison-7-tnd-fix","10":"first","11":"instock","12":"sale","13":"taxable","14":"shipping-taxable","15":"purchasable","16":"product-type-simple"},"jetpack_sharing_enabled":true,"_links":{"self":[{"href":"https:\/\/yallafid.com\/index.php?rest_route=\/wp\/v2\/product\/3251","targetHints":{"allow":["GET"]}}],"collection":[{"href":"https:\/\/yallafid.com\/index.php?rest_route=\/wp\/v2\/product"}],"about":[{"href":"https:\/\/yallafid.com\/index.php?rest_route=\/wp\/v2\/types\/product"}],"replies":[{"embeddable":true,"href":"https:\/\/yallafid.com\/index.php?rest_route=%2Fwp%2Fv2%2Fcomments&post=3251"}],"version-history":[{"count":2,"href":"https:\/\/yallafid.com\/index.php?rest_route=\/wp\/v2\/product\/3251\/revisions"}],"predecessor-version":[{"id":3260,"href":"https:\/\/yallafid.com\/index.php?rest_route=\/wp\/v2\/product\/3251\/revisions\/3260"}],"wp:featuredmedia":[{"embeddable":true,"href":"https:\/\/yallafid.com\/index.php?rest_route=\/wp\/v2\/media\/3258"}],"wp:attachment":[{"href":"https:\/\/yallafid.com\/index.php?rest_route=%2Fwp%2Fv2%2Fmedia&parent=3251"}],"wp:term":[{"taxonomy":"product_brand","embeddable":true,"href":"https:\/\/yallafid.com\/index.php?rest_route=%2Fwp%2Fv2%2Fproduct_brand&post=3251"},{"taxonomy":"product_cat","embeddable":true,"href":"https:\/\/yallafid.com\/index.php?rest_route=%2Fwp%2Fv2%2Fproduct_cat&post=3251"},{"taxonomy":"product_tag","embeddable":true,"href":"https:\/\/yallafid.com\/index.php?rest_route=%2Fwp%2Fv2%2Fproduct_tag&post=3251"}],"curies":[{"name":"wp","href":"https:\/\/api.w.org\/{rel}","templated":true}]}}